-- Table structure for table `wp_vision`
--

CREATE TABLE `wp_vision` (
  `id` bigint(20) unsigned NOT NULL AUTO_INCREMENT,
  `title` text DEFAULT NULL,
  `slug` varchar(200) DEFAULT NULL,
  `active` tinyint(4) NOT NULL DEFAULT 1,
  `data` longtext DEFAULT NULL,
  `config` longtext DEFAULT NULL,
  `author` bigint(20) unsigned NOT NULL DEFAULT 0,
  `editor` bigint(20) unsigned NOT NULL DEFAULT 0,
  `created` datetime NOT NULL DEFAULT '0000-00-00 00:00:00',
  `modified` datetime NOT NULL DEFAULT '0000-00-00 00:00:00',
  `deleted` tinyint(4) NOT NULL DEFAULT 0,
  UNIQUE KEY `id` (`id`)
) ENGINE=MyISAM AUTO_INCREMENT=3 DEFAULT CHARSET=utf8mb4 COLLATE=utf8mb4_unicode_ci;

--
-- Dumping data for table `wp_vision`
--

INSERT INTO `wp_vision` VALUES (2,'History Highlights Test','history-highlights-test',1,'O:8:\"stdClass\":17:{s:6:\"active\";b:1;s:5:\"title\";s:23:\"History Highlights Test\";s:4:\"slug\";s:23:\"history-highlights-test\";s:5:\"image\";O:8:\"stdClass\":2:{s:8:\"relative\";b:1;s:3:\"url\";s:39:\"/2021/04/InvesTech-Reserach-History.png\";}s:10:\"imageWidth\";i:1865;s:11:\"imageHeight\";i:1088;s:9:\"autoWidth\";b:1;s:10:\"autoHeight\";b:1;s:14:\"containerWidth\";N;s:15:\"containerHeight\";N;s:5:\"theme\";s:5:\"light\";s:5:\"class\";N;s:11:\"containerId\";N;s:10:\"background\";O:8:\"stdClass\":5:{s:5:\"color\";N;s:5:\"image\";O:8:\"stdClass\":2:{s:8:\"relative\";b:0;s:3:\"url\";N;}s:4:\"size\";N;s:6:\"repeat\";N;s:8:\"position\";N;}s:9:\"customCSS\";O:8:\"stdClass\":2:{s:6:\"active\";b:0;s:4:\"data\";N;}s:8:\"customJS\";O:8:\"stdClass\":2:{s:6:\"active\";b:0;s:4:\"data\";N;}s:6:\"layers\";a:2:{i:0;O:8:\"stdClass\":26:{s:4:\"guid\";s:36:\"4484a113-6b56-48cc-8827-ddf90e2b7bd9\";s:2:\"id\";s:8:\"18b1afbe\";s:4:\"type\";s:4:\"link\";s:5:\"title\";s:25:\"1987 \"Black Monday\" Crash\";s:1:\"x\";d:-123.3333333333333712289459072053432464599609375;s:1:\"y\";d:-179.33333333333331438552704639732837677001953125;s:5:\"width\";i:48;s:6:\"height\";d:81.33333333333331438552704639732837677001953125;s:5:\"angle\";i:0;s:9:\"autoWidth\";b:0;s:10:\"autoHeight\";b:0;s:4:\"lock\";b:0;s:7:\"visible\";b:1;s:7:\"scaling\";b:1;s:8:\"noevents\";b:0;s:9:\"className\";N;s:3:\"url\";s:76:\"https://ns2020-investech.investech.com/wp-content/uploads/2020/09/V87I10.pdf\";s:12:\"urlNewWindow\";b:1;s:11:\"contentData\";N;s:8:\"userData\";N;s:4:\"link\";O:8:\"stdClass\":3:{s:11:\"normalColor\";s:17:\"rgba(65,5,5,0.25)\";s:10:\"hoverColor\";s:13:\"rgba(0,0,0,0)\";s:6:\"radius\";N;}s:4:\"text\";O:8:\"stdClass\":8:{s:4:\"data\";N;s:4:\"font\";N;s:5:\"color\";s:4:\"#000\";s:4:\"size\";i:18;s:10:\"lineHeight\";i:18;s:5:\"align\";N;s:13:\"letterSpacing\";N;s:10:\"background\";O:8:\"stdClass\":5:{s:4:\"file\";O:8:\"stdClass\":1:{s:3:\"url\";N;}s:5:\"color\";N;s:4:\"size\";s:7:\"contain\";s:6:\"repeat\";s:9:\"no-repeat\";s:8:\"position\";s:7:\"50% 50%\";}}s:5:\"image\";O:8:\"stdClass\":1:{s:10:\"background\";O:8:\"stdClass\":5:{s:4:\"file\";O:8:\"stdClass\":2:{s:3:\"url\";N;s:11:\"inlineEmbed\";b:0;}s:5:\"color\";N;s:4:\"size\";s:7:\"contain\";s:6:\"repeat\";s:9:\"no-repeat\";s:8:\"position\";s:7:\"50% 50%\";}}s:3:\"svg\";O:8:\"stdClass\":1:{s:4:\"file\";O:8:\"stdClass\":2:{s:3:\"url\";N;s:8:\"relative\";b:0;}}s:7:\"tooltip\";O:8:\"stdClass\":16:{s:6:\"active\";b:1;s:4:\"data\";s:182:\"<p>InvesTech was recognized as one of only a handful of advisory services to warn subscribers to move to 100% cash prior to Black Monday in October 1987. Click to read the issue.</p>\";s:9:\"placement\";s:3:\"top\";s:6:\"offset\";O:8:\"stdClass\":4:{s:1:\"x\";i:0;s:1:\"y\";i:0;s:3:\"top\";i:0;s:4:\"left\";i:0;}s:5:\"width\";N;s:12:\"widthFromCSS\";b:0;s:7:\"trigger\";s:5:\"hover\";s:12:\"followCursor\";b:0;s:7:\"scaling\";b:0;s:11:\"interactive\";b:1;s:5:\"smart\";b:0;s:10:\"showOnInit\";b:0;s:9:\"className\";N;s:13:\"showAnimation\";N;s:13:\"hideAnimation\";N;s:8:\"duration\";N;}s:7:\"popover\";O:8:\"stdClass\":15:{s:6:\"active\";b:0;s:4:\"data\";s:183:\"<p>InvesTech was recognized as one of only a handful of advisory services to warn subscribers to move to 100% cash prior to Black Monday in October 1987. Click to read that issue.</p>\";s:4:\"type\";s:5:\"inbox\";s:9:\"placement\";s:3:\"top\";s:6:\"offset\";O:8:\"stdClass\":4:{s:1:\"x\";i:0;s:1:\"y\";i:0;s:3:\"top\";i:0;s:4:\"left\";i:0;}s:5:\"width\";N;s:12:\"widthFromCSS\";b:0;s:7:\"trigger\";s:5:\"click\";s:12:\"followCursor\";b:0;s:7:\"scaling\";b:0;s:11:\"interactive\";b:1;s:5:\"smart\";b:0;s:10:\"showOnInit\";b:0;s:10:\"mobileType\";s:5:\"inbox\";s:9:\"className\";N;}}i:1;O:8:\"stdClass\":26:{s:4:\"guid\";s:36:\"96975588-dea2-4396-83b5-b8703d5b0269\";s:2:\"id\";s:8:\"b31d9261\";s:4:\"type\";s:4:\"link\";s:5:\"title\";s:16:\"1991 Record Year\";s:1:\"x\";i:-31;s:1:\"y\";i:-195;s:5:\"width\";i:46;s:6:\"height\";i:50;s:5:\"angle\";i:0;s:9:\"autoWidth\";b:0;s:10:\"autoHeight\";b:0;s:4:\"lock\";b:0;s:7:\"visible\";b:1;s:7:\"scaling\";b:1;s:8:\"noevents\";b:0;s:9:\"className\";N;s:3:\"url\";s:76:\"https://ns2020-investech.investech.com/wp-content/uploads/2020/09/V91I01.pdf\";s:12:\"urlNewWindow\";b:1;s:11:\"contentData\";N;s:8:\"userData\";N;s:4:\"link\";O:8:\"stdClass\":3:{s:11:\"normalColor\";s:17:\"rgba(65,5,5,0.25)\";s:10:\"hoverColor\";s:13:\"rgba(0,0,0,0)\";s:6:\"radius\";i:0;}s:4:\"text\";O:8:\"stdClass\":8:{s:4:\"data\";N;s:4:\"font\";N;s:5:\"color\";s:4:\"#000\";s:4:\"size\";i:18;s:10:\"lineHeight\";i:18;s:5:\"align\";N;s:13:\"letterSpacing\";N;s:10:\"background\";O:8:\"stdClass\":5:{s:4:\"file\";O:8:\"stdClass\":1:{s:3:\"url\";N;}s:5:\"color\";N;s:4:\"size\";s:7:\"contain\";s:6:\"repeat\";s:9:\"no-repeat\";s:8:\"position\";s:7:\"50% 50%\";}}s:5:\"image\";O:8:\"stdClass\":1:{s:10:\"background\";O:8:\"stdClass\":5:{s:4:\"file\";O:8:\"stdClass\":2:{s:3:\"url\";N;s:11:\"inlineEmbed\";b:0;}s:5:\"color\";N;s:4:\"size\";s:7:\"contain\";s:6:\"repeat\";s:9:\"no-repeat\";s:8:\"position\";s:7:\"50% 50%\";}}s:3:\"svg\";O:8:\"stdClass\":1:{s:4:\"file\";O:8:\"stdClass\":2:{s:3:\"url\";N;s:8:\"relative\";b:0;}}s:7:\"tooltip\";O:8:\"stdClass\":16:{s:6:\"active\";b:1;s:4:\"data\";s:152:\"<p>In 1991, InvesTech published its bullish \"TORO...TORO...\" issue, just 10 days before the January stock market blast-off. Click to read the issue.</p>\";s:9:\"placement\";s:3:\"top\";s:6:\"offset\";O:8:\"stdClass\":2:{s:1:\"x\";i:0;s:1:\"y\";i:0;}s:5:\"width\";N;s:12:\"widthFromCSS\";b:0;s:7:\"trigger\";s:5:\"hover\";s:12:\"followCursor\";b:0;s:7:\"scaling\";b:0;s:11:\"interactive\";b:1;s:5:\"smart\";b:0;s:10:\"showOnInit\";b:0;s:9:\"className\";N;s:13:\"showAnimation\";N;s:13:\"hideAnimation\";N;s:8:\"duration\";N;}s:7:\"popover\";O:8:\"stdClass\":15:{s:6:\"active\";b:0;s:4:\"data\";s:0:\"\";s:4:\"type\";s:5:\"inbox\";s:9:\"placement\";s:3:\"top\";s:6:\"offset\";O:8:\"stdClass\":2:{s:1:\"x\";i:0;s:1:\"y\";i:0;}s:5:\"width\";N;s:12:\"widthFromCSS\";b:0;s:7:\"trigger\";s:5:\"click\";s:12:\"followCursor\";b:0;s:7:\"scaling\";b:0;s:11:\"interactive\";b:1;s:5:\"smart\";b:0;s:10:\"showOnInit\";b:0;s:10:\"mobileType\";s:5:\"inbox\";s:9:\"className\";N;}}}}','O:8:\"stdClass\":8:{s:5:\"title\";s:23:\"History Highlights Test\";s:6:\"imgSrc\";s:96:\"https://ns2020-investech.investech.com/wp-content/uploads/2021/04/InvesTech-Reserach-History.png\";s:5:\"theme\";s:5:\"light\";s:9:\"className\";N;s:5:\"flags\";O:8:\"stdClass\":2:{s:9:\"customCSS\";b:0;s:7:\"effects\";b:0;}s:5:\"fonts\";N;s:6:\"layers\";a:2:{i:0;O:8:\"stdClass\":18:{s:2:\"id\";s:8:\"18b1afbe\";s:4:\"type\";s:4:\"link\";s:5:\"title\";s:25:\"1987 \"Black Monday\" Crash\";s:1:\"x\";d:-13.226094727435214082333914120681583881378173828125;s:1:\"y\";d:-32.96568627450979960258337086997926235198974609375;s:5:\"width\";i:48;s:6:\"height\";d:81.33333333333331438552704639732837677001953125;s:5:\"angle\";i:0;s:9:\"autoWidth\";b:0;s:10:\"autoHeight\";b:0;s:7:\"scaling\";b:1;s:8:\"noevents\";b:0;s:9:\"className\";N;s:3:\"url\";s:76:\"https://ns2020-investech.investech.com/wp-content/uploads/2020/09/V87I10.pdf\";s:12:\"urlNewWindow\";b:1;s:8:\"userData\";N;s:7:\"tooltip\";O:8:\"stdClass\":15:{s:6:\"active\";b:1;s:7:\"trigger\";s:5:\"hover\";s:9:\"placement\";s:3:\"top\";s:6:\"offset\";O:8:\"stdClass\":2:{s:3:\"top\";i:0;s:4:\"left\";i:0;}s:5:\"width\";N;s:12:\"widthFromCSS\";b:0;s:12:\"followCursor\";b:0;s:7:\"scaling\";b:0;s:11:\"interactive\";b:1;s:5:\"smart\";b:0;s:10:\"showOnInit\";b:0;s:13:\"showAnimation\";N;s:13:\"hideAnimation\";N;s:8:\"duration\";N;s:9:\"className\";N;}s:7:\"popover\";O:8:\"stdClass\":14:{s:6:\"active\";b:0;s:4:\"type\";s:5:\"inbox\";s:10:\"mobileType\";s:5:\"inbox\";s:7:\"trigger\";s:5:\"click\";s:9:\"placement\";s:3:\"top\";s:6:\"offset\";O:8:\"stdClass\":2:{s:3:\"top\";i:0;s:4:\"left\";i:0;}s:5:\"width\";N;s:12:\"widthFromCSS\";b:0;s:12:\"followCursor\";b:0;s:7:\"scaling\";b:0;s:11:\"interactive\";b:1;s:5:\"smart\";b:0;s:10:\"showOnInit\";b:0;s:9:\"className\";N;}}i:1;O:8:\"stdClass\":18:{s:2:\"id\";s:8:\"b31d9261\";s:4:\"type\";s:4:\"link\";s:5:\"title\";s:16:\"1991 Record Year\";s:1:\"x\";d:-3.324396782841823050347329626674763858318328857421875;s:1:\"y\";d:-35.845588235294115975193562917411327362060546875;s:5:\"width\";i:46;s:6:\"height\";i:50;s:5:\"angle\";i:0;s:9:\"autoWidth\";b:0;s:10:\"autoHeight\";b:0;s:7:\"scaling\";b:1;s:8:\"noevents\";b:0;s:9:\"className\";N;s:3:\"url\";s:76:\"https://ns2020-investech.investech.com/wp-content/uploads/2020/09/V91I01.pdf\";s:12:\"urlNewWindow\";b:1;s:8:\"userData\";N;s:7:\"tooltip\";O:8:\"stdClass\":15:{s:6:\"active\";b:1;s:7:\"trigger\";s:5:\"hover\";s:9:\"placement\";s:3:\"top\";s:6:\"offset\";O:8:\"stdClass\":0:{}s:5:\"width\";N;s:12:\"widthFromCSS\";b:0;s:12:\"followCursor\";b:0;s:7:\"scaling\";b:0;s:11:\"interactive\";b:1;s:5:\"smart\";b:0;s:10:\"showOnInit\";b:0;s:13:\"showAnimation\";N;s:13:\"hideAnimation\";N;s:8:\"duration\";N;s:9:\"className\";N;}s:7:\"popover\";O:8:\"stdClass\":14:{s:6:\"active\";b:0;s:4:\"type\";s:5:\"inbox\";s:10:\"mobileType\";s:5:\"inbox\";s:7:\"trigger\";s:5:\"click\";s:9:\"placement\";s:3:\"top\";s:6:\"offset\";O:8:\"stdClass\":0:{}s:5:\"width\";N;s:12:\"widthFromCSS\";b:0;s:12:\"followCursor\";b:0;s:7:\"scaling\";b:0;s:11:\"interactive\";b:1;s:5:\"smart\";b:0;s:10:\"showOnInit\";b:0;s:9:\"className\";N;}}}s:8:\"modified\";s:19:\"2021-04-26 17:38:50\";}',2,2,'2021-04-23 18:15:03','2021-04-26 17:38:50',0);

--
-- Table structure for table `wp_wc_admin_note_actions`
--

CREATE TABLE `wp_wc_admin_note_actions` (
  `action_id` bigint(20) unsigned NOT NULL AUTO_INCREMENT,
  `note_id` bigint(20) unsigned NOT NULL,
  `name` varchar(255) NOT NULL,
  `label` varchar(255) NOT NULL,
  `query` longtext NOT NULL,
  `status` varchar(255) NOT NULL,
  `actioned_text` varchar(255) NOT NULL,
  `nonce_action` varchar(255) DEFAULT NULL,
  `nonce_name` varchar(255) DEFAULT NULL,
  PRIMARY KEY (`action_id`),
  KEY `note_id` (`note_id`)
) ENGINE=MyISAM AUTO_INCREMENT=25445 DEFAULT CHARSET=utf8mb4 COLLATE=utf8mb4_unicode_520_ci;

--
-- Dumping data for table `wp_wc_admin_note_actions`
--

INSERT INTO `wp_wc_admin_note_actions` VALUES (5,5,'learn-more','Learn more','https://woocommerce.com/mobile/','actioned','',NULL,NULL);
INSERT INTO `wp_wc_admin_note_actions` VALUES (7,6,'tracking-opt-in','Activate usage tracking','','actioned','',NULL,NULL);
INSERT INTO `wp_wc_admin_note_actions` VALUES (8,7,'yes-please','Yes please!','https://woocommerce.us8.list-manage.com/subscribe/post?u=2c1434dc56f9506bf3c3ecd21&amp;id=13860df971&amp;SIGNUPPAGE=plugin','actioned','',NULL,NULL);
INSERT INTO `wp_wc_admin_note_actions` VALUES (12,10,'share-feedback','Share feedback','https://automattic.survey.fm/new-onboarding-survey','actioned','',NULL,NULL);
INSERT INTO `wp_wc_admin_note_actions` VALUES (15,13,'learn-more','Learn more','https://woocommerce.com/mobile/?utm_source=inbox','actioned','',NULL,NULL);
INSERT INTO `wp_wc_admin_note_actions` VALUES (77,15,'affirm-insight-first-sale','Yes','','actioned','Thanks for your feedback',NULL,NULL);
INSERT INTO `wp_wc_admin_note_actions` VALUES (78,15,'deny-insight-first-sale','No','','actioned','Thanks for your feedback',NULL,NULL);
INSERT INTO `wp_wc_admin_note_actions` VALUES (24871,23,'learn-more','Learn more','https://woocommerce.com/mobile/?utm_source=inbox&utm_medium=product','actioned','',NULL,NULL);
INSERT INTO `wp_wc_admin_note_actions` VALUES (24872,24,'learn-more','Learn more','https://woocommerce.com/mobile/?utm_source=inbox&utm_medium=product','actioned','',NULL,NULL);
INSERT INTO `wp_wc_admin_note_actions` VALUES (4859,25,'affirm-insight-first-product-and-payment','Yes','','actioned','Thanks for your feedback',NULL,NULL);
INSERT INTO `wp_wc_admin_note_actions` VALUES (5591,26,'presets','Create workflow','https://ns2020-investech.investech.com/wp-admin/edit.php?post_type=aw_workflow#presets','actioned','',NULL,NULL);
INSERT INTO `wp_wc_admin_note_actions` VALUES (5600,27,'remove-legacy-coupon-menu','Remove legacy coupon menu','https://ns2020-investech.investech.com/wp-admin/admin.php?page=wc-admin&action=remove-coupon-menu','actioned','',NULL,NULL);
INSERT INTO `wp_wc_admin_note_actions` VALUES (5674,29,'view-report','View report','?page=wc-admin&path=/analytics/revenue&period=custom&compare=previous_year&after=2021-04-21&before=2021-04-21','actioned','',NULL,NULL);
INSERT INTO `wp_wc_admin_note_actions` VALUES (24869,30,'learn-more','Learn more','https://woocommerce.com/mobile/?utm_source=inbox&utm_medium=product','actioned','',NULL,NULL);
INSERT INTO `wp_wc_admin_note_actions` VALUES (6119,17,'set-up-concierge','Schedule free session','https://wordpress.com/me/concierge','actioned','',NULL,NULL);
INSERT INTO `wp_wc_admin_note_actions` VALUES (6120,18,'learn-more','Learn more','https://docs.woocommerce.com/document/woocommerce-shipping-and-tax/?utm_source=inbox','unactioned','',NULL,NULL);
INSERT INTO `wp_wc_admin_note_actions` VALUES (6121,19,'learn-more-ecomm-unique-shopping-experience','Learn more','https://docs.woocommerce.com/document/product-add-ons/?utm_source=inbox','actioned','',NULL,NULL);
INSERT INTO `wp_wc_admin_note_actions` VALUES (6129,32,'notify-refund-returns-page','Edit page','https://ns2020-investech.investech.com/wp-admin/post.php?post=11184&action=edit','actioned','',NULL,NULL);
INSERT INTO `wp_wc_admin_note_actions` VALUES (24870,33,'learn-more','Learn more','https://woocommerce.com/posts/pre-launch-checklist-the-essentials/?utm_source=inbox&utm_medium=product','actioned','',NULL,NULL);
INSERT INTO `wp_wc_admin_note_actions` VALUES (6919,34,'review-orders','Review your orders','?page=wc-admin&path=/analytics/orders','actioned','',NULL,NULL);
INSERT INTO `wp_wc_admin_note_actions` VALUES (7862,36,'enable-navigation','Enable in Settings','https://ns2020-investech.investech.com/wp-admin/admin.php?page=wc-settings&tab=advanced&section=features','actioned','',NULL,NULL);
INSERT INTO `wp_wc_admin_note_actions` VALUES (13774,35,'update-store-details','Update store details','http://ns2020-investech.investech.com/wp-admin/admin.php?page=wc-admin&path=/setup-wizard','actioned','',NULL,NULL);
INSERT INTO `wp_wc_admin_note_actions` VALUES (25444,14,'update-db_done','Thanks!','https://ns2020-investech.investech.com/wp-admin/wp-load.php?no_cache_4Vji7qUT=1720800931&wc-hide-notice=update','actioned','woocommerce_hide_notices_nonce','woocommerce_hide_notices_nonce','_wc_notice_nonce');
INSERT INTO `wp_wc_admin_note_actions` VALUES (25385,8,'learn-more','Learn more','https://woocommerce.com/payments/?utm_medium=product','unactioned','',NULL,NULL);
INSERT INTO `wp_wc_admin_note_actions` VALUES (25386,8,'get-started','Get started','http://ns2020-investech.investech.com/wp-admin/admin.php?page=wc-admin&action=setup-woocommerce-payments','actioned','','setup-woocommerce-payments','');

--
-- Table structure for table `wp_wc_admin_notes`
--

CREATE TABLE `wp_wc_admin_notes` (
  `note_id` bigint(20) unsigned NOT NULL AUTO_INCREMENT,
  `name` varchar(255) NOT NULL,
  `type` varchar(20) NOT NULL,
  `locale` varchar(20) NOT NULL,
  `title` longtext NOT NULL,
  `content` longtext NOT NULL,
  `icon` varchar(200) NOT NULL DEFAULT 'info',
  `content_data` longtext DEFAULT NULL,
  `status` varchar(200) NOT NULL,
  `source` varchar(200) NOT NULL,
  `date_created` datetime NOT NULL DEFAULT '0000-00-00 00:00:00',
  `date_reminder` datetime DEFAULT NULL,
  `is_snoozable` tinyint(1) NOT NULL DEFAULT 0,
  `layout` varchar(20) NOT NULL DEFAULT '',
  `image` varchar(200) DEFAULT NULL,
  `is_deleted` tinyint(1) NOT NULL DEFAULT 0,
  `is_read` tinyint(1) NOT NULL DEFAULT 0,
  PRIMARY KEY (`note_id`)
) ENGINE=MyISAM AUTO_INCREMENT=62 DEFAULT CHARSET=utf8mb4 COLLATE=utf8mb4_unicode_520_ci;

--
-- Dumping data for table `wp_wc_admin_notes`
--

INSERT INTO `wp_wc_admin_notes` VALUES (5,'wc-admin-mobile-app','info','en_US','Install Woo mobile app','Install the WooCommerce mobile app to manage orders, receive sales notifications, and view key metrics — wherever you are.','phone','{}','unactioned','woocommerce-admin','2020-06-09 18:05:17',NULL,0,'',NULL,0,1);
INSERT INTO `wp_wc_admin_notes` VALUES (6,'wc-admin-usage-tracking-opt-in','info','en_US','Help WooCommerce improve with usage tracking','Gathering usage data allows us to improve WooCommerce. Your store will be considered as we evaluate new features, judge the quality of an update, or determine if an improvement makes sense. You can always visit the <a href=\"https://ns2020-investech.investech.com/wp-admin/admin.php?page=wc-settings&#038;tab=advanced&#038;section=woocommerce_com\" target=\"_blank\">Settings</a> and choose to stop sharing data. <a href=\"https://woocommerce.com/usage-tracking\" target=\"_blank\">Read more</a> about what data we collect.','info','{}','unactioned','woocommerce-admin','2020-06-09 18:05:17',NULL,0,'',NULL,0,1);
INSERT INTO `wp_wc_admin_notes` VALUES (7,'wc-admin-onboarding-email-marketing','info','en_US','Tips, product updates, and inspiration','We\'re here for you - get tips, product updates and inspiration straight to your email box','mail','{}','unactioned','woocommerce-admin','2020-06-09 18:05:17',NULL,0,'',NULL,0,1);
INSERT INTO `wp_wc_admin_notes` VALUES (8,'wc-admin-woocommerce-payments','marketing','en_US','Try the new way to get paid','Securely accept credit and debit cards on your site. Manage transactions without leaving your WordPress dashboard. Only with <strong>WooPayments</strong>.<br><br>By clicking \"Get started\", you agree to our <a href=\"https://wordpress.com/tos/\" target=\"_blank\">Terms of Service</a>','credit-card','{}','unactioned','woocommerce-admin','2020-06-09 18:05:17',NULL,0,'plain',NULL,0,1);
INSERT INTO `wp_wc_admin_notes` VALUES (10,'wc-admin-store-notice-giving-feedback-2','info','en_US','Give feedback','Now that you’ve chosen us as a partner, our goal is to make sure we\'re providing the right tools to meet your needs. We\'re looking forward to having your feedback on the store setup experience so we can improve it in the future.','info','{}','unactioned','woocommerce-admin','2020-07-08 23:32:10',NULL,0,'plain','',0,1);
INSERT INTO `wp_wc_admin_notes` VALUES (13,'wc-admin-real-time-order-alerts','info','en_US','Get real-time order alerts anywhere','Get notifications about store activity, including new orders and product reviews directly on your mobile devices with the Woo app.','info','{}','unactioned','woocommerce-admin','2020-08-11 15:00:12',NULL,0,'plain','',0,1);
INSERT INTO `wp_wc_admin_notes` VALUES (14,'wc-update-db-reminder','update','en_US','WooCommerce database update done','WooCommerce database update complete. Thank you for updating to the latest version!','info','{}','unactioned','woocommerce-core','2020-08-26 21:59:12',NULL,0,'plain','',0,1);
INSERT INTO `wp_wc_admin_notes` VALUES (17,'ecomm-need-help-setting-up-your-store','info','en_US','Need help setting up your Store?','Schedule a free 30-min <a href=\"https://wordpress.com/support/concierge-support/\">quick start session</a> and get help from our specialists. We’re happy to walk through setup steps, show you around the WordPress.com dashboard, troubleshoot any issues you may have, and help you the find the features you need to accomplish your goals for your site.','info','{}','pending','woocommerce.com','2020-10-20 17:14:59',NULL,0,'plain','',0,1);
INSERT INTO `wp_wc_admin_notes` VALUES (18,'woocommerce-services','info','en_US','WooCommerce Shipping & Tax','WooCommerce Shipping &amp; Tax helps get your store “ready to sell” as quickly as possible. You create your products. We take care of tax calculation, payment processing, and shipping label printing! Learn more about the extension that you just installed.','info','{}','pending','woocommerce.com','2020-10-20 17:14:59',NULL,0,'plain','',0,1);
INSERT INTO `wp_wc_admin_notes` VALUES (19,'ecomm-unique-shopping-experience','info','en_US','For a shopping experience as unique as your customers','Product Add-Ons allow your customers to personalize products while they’re shopping on your online store. No more follow-up email requests—customers get what they want, before they’re done checking out. Learn more about this extension that comes included in your plan.','info','{}','pending','woocommerce.com','2020-10-20 17:14:59',NULL,0,'plain','',0,1);
INSERT INTO `wp_wc_admin_notes` VALUES (23,'wc-admin-manage-orders-on-the-go','info','en_US','Manage your orders on the go','Look for orders, customer info, and process refunds in one click with the Woo app.','info','{}','unactioned','woocommerce-admin','2020-12-17 14:30:30',NULL,0,'plain','',0,1);
INSERT INTO `wp_wc_admin_notes` VALUES (24,'wc-admin-performance-on-mobile','info','en_US','Track your store performance on mobile','Monitor your sales and high performing products with the Woo app.','info','{}','unactioned','woocommerce-admin','2021-02-05 23:35:31',NULL,0,'plain','',0,1);
INSERT INTO `wp_wc_admin_notes` VALUES (26,'automatewoo-welcome','info','en_US','AutomateWoo is ready','Create your first automated workflow easily with our presets, or build your own from scratch.','info','{}','unactioned','automatewoo','2021-03-24 16:29:22',NULL,0,'plain','',0,1);
INSERT INTO `wp_wc_admin_notes` VALUES (27,'wc-admin-coupon-page-moved','update','en_US','Coupon management has moved!','Coupons can now be managed from Marketing &gt; Coupons. Click the button below to remove the legacy WooCommerce &gt; Coupons menu item.','info','{}','actioned','woocommerce-admin','2021-03-30 17:39:41',NULL,0,'plain','',0,1);
INSERT INTO `wp_wc_admin_notes` VALUES (36,'wc-admin-navigation-nudge','info','en_US','You now have access to the WooCommerce navigation','We’re introducing a new navigation for a more intuitive and improved user experience. You can enable the beta version of the new experience in the Advanced Settings. Enable it now for your store.','info','{}','unactioned','woocommerce-admin','2022-04-21 00:00:39',NULL,0,'plain','',0,1);
INSERT INTO `wp_wc_admin_notes` VALUES (29,'wc-admin-new-sales-record','info','en_US','New sales record!','Woohoo, April 21st was your record day for sales! Net sales was $2,372.00 beating the previous record of $1,305.00 set on October 19th.','info','{\"old_record_date\":\"2020-10-19\",\"old_record_amt\":1305,\"new_record_date\":\"2021-04-21\",\"new_record_amt\":2372}','unactioned','woocommerce-admin','2021-04-22 02:19:53',NULL,0,'plain','',0,1);
INSERT INTO `wp_wc_admin_notes` VALUES (30,'wc-admin-edit-products-on-the-move','info','en_US','Edit products on the move','Edit and create new products from your mobile devices with the Woo app','info','{}','unactioned','woocommerce-admin','2021-05-12 04:02:45',NULL,0,'plain','',0,1);
INSERT INTO `wp_wc_admin_notes` VALUES (32,'wc-refund-returns-page','info','en_US','Setup a Refund and Returns Policy page to boost your store\'s credibility.','We have created a sample draft Refund and Returns Policy page for you. Please have a look and update it to fit your store.','info','{}','unactioned','woocommerce-core','2021-08-24 20:59:21',NULL,0,'plain','',0,1);
INSERT INTO `wp_wc_admin_notes` VALUES (33,'wc-admin-launch-checklist','info','en_US','Ready to launch your store?','To make sure you never get that sinking \"what did I forget\" feeling, we\'ve put together the essential pre-launch checklist.','info','{}','unactioned','woocommerce-admin','2021-09-28 23:31:22',NULL,0,'plain','',0,1);
INSERT INTO `wp_wc_admin_notes` VALUES (34,'wc-admin-orders-milestone','info','en_US','Congratulations on processing 100 orders!','Another order milestone! Take a look at your Orders Report to review your orders to date.','info','{}','unactioned','woocommerce-admin','2021-10-16 02:38:44',NULL,0,'plain','',0,1);

--
-- Table structure for table `wp_wc_category_lookup`
--

CREATE TABLE `wp_wc_category_lookup` (
  `category_tree_id` bigint(20) unsigned NOT NULL,
  `category_id` bigint(20) unsigned NOT NULL,
  PRIMARY KEY (`category_tree_id`,`category_id`)
) ENGINE=MyISAM DEFAULT CHARSET=utf8mb4 COLLATE=utf8mb4_unicode_520_ci;

--
-- Dumping data for table `wp_wc_category_lookup`
--

INSERT INTO `wp_wc_category_lookup` VALUES (26,26);
INSERT INTO `wp_wc_category_lookup` VALUES (32,32);
INSERT INTO `wp_wc_category_lookup` VALUES (70,70);
INSERT INTO `wp_wc_category_lookup` VALUES (73,73);
INSERT INTO `wp_wc_category_lookup` VALUES (97,97);

--
-- Table structure for table `wp_wc_customer_lookup`
--

CREATE TABLE `wp_wc_customer_lookup` (
  `customer_id` bigint(20) unsigned NOT NULL AUTO_INCREMENT,
  `user_id` bigint(20) unsigned DEFAULT NULL,
  `username` varchar(60) NOT NULL DEFAULT '',
  `first_name` varchar(255) NOT NULL,
  `last_name` varchar(255) NOT NULL,
  `email` varchar(100) DEFAULT NULL,
  `date_last_active` timestamp NULL DEFAULT NULL,
  `date_registered` timestamp NULL DEFAULT NULL,
  `country` char(2) NOT NULL DEFAULT '',
  `postcode` varchar(20) NOT NULL DEFAULT '',
  `city` varchar(100) NOT NULL DEFAULT '',
  `state` varchar(100) NOT NULL DEFAULT '',
  PRIMARY KEY (`customer_id`),
  UNIQUE KEY `user_id` (`user_id`),
  KEY `email` (`email`)
) ENGINE=MyISAM AUTO_INCREMENT=503 DEFAULT CHARSET=utf8mb4 COLLATE=utf8mb4_unicode_520_ci;

--
-- Dumping data for table `wp_wc_customer_lookup`
--

INSERT INTO `wp_wc_customer_lookup` VALUES (14,NULL,'','Christina','Maloney','christinam@investech.com','2020-11-12 01:57:32',NULL,'US','59912','Columbia Falls','MT');
INSERT INTO `wp_wc_customer_lookup` VALUES (72,NULL,'','Bailey','Gage','baileyjgage@gmail.com','2021-06-04 20:05:33',NULL,'US','59937','Whitefish','MT');
INSERT INTO `wp_wc_customer_lookup` VALUES (74,NULL,'','','','','2021-06-04 21:01:44',NULL,'','','','');
INSERT INTO `wp_wc_customer_lookup` VALUES (78,NULL,'','','','','2021-06-04 23:53:41',NULL,'','','','');
INSERT INTO `wp_wc_customer_lookup` VALUES (83,NULL,'','','','','2021-06-08 23:21:17',NULL,'','','','');
INSERT INTO `wp_wc_customer_lookup` VALUES (468,574,'automation.test','automation','test','clairez+15@investech.com','2024-05-21 04:00:00','2023-10-07 02:43:48','US','59937','Whitefish','MT');
INSERT INTO `wp_wc_customer_lookup` VALUES (498,1,'ucw_site_admin','Seth','Schnebel','seth@undercurrentwebseo.com','2024-03-06 22:40:24','2020-03-04 20:25:55','US','12563','coram','NE');
INSERT INTO `wp_wc_customer_lookup` VALUES (501,604,'claire.cantalupo','Claire','Cantalupo','czuetell7+10@gmail.com','2024-06-10 23:13:29','2024-06-10 23:13:28','US','59937','Whitefish','MT');
INSERT INTO `wp_wc_customer_lookup` VALUES (502,605,'test.checkout','test','checkout','czuetell7+200@gmail.com','2024-07-09 00:43:04','2024-07-09 00:40:00','US','59937','Whitefish','MT');
INSERT INTO `wp_wc_customer_lookup` VALUES (445,552,'gmail.maloney','Gmail','Maloney','christinamaloney5@gmail.com','2024-07-09 00:44:49','2023-09-20 20:32:17','US','59912','Columbia Falls','MT');
INSERT INTO `wp_wc_customer_lookup` VALUES (500,603,'claire.zuetell','Claire','Zuetell','czuetell7@gmail.com','2024-05-22 02:30:35','2024-05-09 21:00:52','US','59937','Whitefish','MT');
INSERT INTO `wp_wc_customer_lookup` VALUES (434,542,'Claire_Zuetell_52','Claire','Zuetell','clairez@investech.com','2023-09-20 00:34:32','2023-06-06 20:21:09','US','59937','Whitefish','MT');

--
-- Table structure for table `wp_wc_download_log`
--

CREATE TABLE `wp_wc_download_log` (
  `download_log_id` bigint(20) unsigned NOT NULL AUTO_INCREMENT,
  `timestamp` datetime NOT NULL,
  `permission_id` bigint(20) unsigned NOT NULL,
  `user_id` bigint(20) unsigned DEFAULT NULL,
  `user_ip_address` varchar(100) DEFAULT '',
  PRIMARY KEY (`download_log_id`),
  KEY `permission_id` (`permission_id`),
  KEY `timestamp` (`timestamp`)
) ENGINE=MyISAM AUTO_INCREMENT=9 DEFAULT CHARSET=utf8mb4 COLLATE=utf8mb4_unicode_520_ci;

--
-- Dumping data for table `wp_wc_download_log`
--

INSERT INTO `wp_wc_download_log` VALUES (1,'2021-04-12 20:15:58',4,2,'69.51.65.14');
INSERT INTO `wp_wc_download_log` VALUES (2,'2021-05-26 20:55:55',8,47,'69.51.65.14');
INSERT INTO `wp_wc_download_log` VALUES (3,'2021-05-27 16:49:55',9,30,'69.51.65.14');
INSERT INTO `wp_wc_download_log` VALUES (4,'2021-05-27 17:06:08',17,30,'69.51.65.14');
INSERT INTO `wp_wc_download_log` VALUES (5,'2021-05-27 19:24:08',9,30,'69.51.65.14');
INSERT INTO `wp_wc_download_log` VALUES (6,'2021-05-27 21:27:15',31,54,'69.51.65.14');
INSERT INTO `wp_wc_download_log` VALUES (7,'2021-09-29 22:01:29',126,227,'69.51.65.14');
INSERT INTO `wp_wc_download_log` VALUES (8,'2021-09-30 15:50:27',151,231,'69.51.65.14');

--
-- Table structure for table `wp_wc_order_addresses`
--

CREATE TABLE `wp_wc_order_addresses` (
  `id` bigint(20) unsigned NOT NULL AUTO_INCREMENT,
  `order_id` bigint(20) unsigned NOT NULL,
  `address_type` varchar(20) DEFAULT NULL,
  `first_name` text DEFAULT NULL,
  `last_name` text DEFAULT NULL,
  `company` text DEFAULT NULL,
  `address_1` text DEFAULT NULL,
  `address_2` text DEFAULT NULL,
  `city` text DEFAULT NULL,
  `state` text DEFAULT NULL,
  `postcode` text DEFAULT NULL,
  `country` text DEFAULT NULL,
  `email` varchar(320) DEFAULT NULL,
  `phone` varchar(100) DEFAULT NULL,
  PRIMARY KEY (`id`),
  UNIQUE KEY `address_type_order_id` (`address_type`,`order_id`),
  KEY `order_id` (`order_id`),
  KEY `email` (`email`(191)),
  KEY `phone` (`phone`)
) ENGINE=MyISAM DEFAULT CHARSET=utf8mb4 COLLATE=utf8mb4_unicode_520_ci;

--
-- Dumping data for table `wp_wc_order_addresses`
--


--
-- Table structure for table `wp_wc_order_coupon_lookup`
--

CREATE TABLE `wp_wc_order_coupon_lookup` (
  `order_id` bigint(20) unsigned NOT NULL,
  `coupon_id` bigint(20) NOT NULL,
  `date_created` datetime NOT NULL DEFAULT '0000-00-00 00:00:00',
  `discount_amount` double NOT NULL DEFAULT 0,
  PRIMARY KEY (`order_id`,`coupon_id`),
  KEY `coupon_id` (`coupon_id`),
  KEY `date_created` (`date_created`)
) ENGINE=MyISAM DEFAULT CHARSET=utf8mb4 COLLATE=utf8mb4_unicode_520_ci;

--
-- Dumping data for table `wp_wc_order_coupon_lookup`
--

INSERT INTO `wp_wc_order_coupon_lookup` VALUES (18930,17778,'2023-10-04 09:09:19',399);
INSERT INTO `wp_wc_order_coupon_lookup` VALUES (19691,17778,'2024-03-04 16:41:03',299);
INSERT INTO `wp_wc_order_coupon_lookup` VALUES (19463,17778,'2024-01-05 12:18:44',175);
INSERT INTO `wp_wc_order_coupon_lookup` VALUES (18959,17778,'2023-10-04 11:46:11',299);
INSERT INTO `wp_wc_order_coupon_lookup` VALUES (18961,17778,'2023-10-04 11:53:52',175);
INSERT INTO `wp_wc_order_coupon_lookup` VALUES (18983,17778,'2023-10-04 15:43:25',175);
INSERT INTO `wp_wc_order_coupon_lookup` VALUES (18990,17778,'2023-10-04 16:05:56',299);
INSERT INTO `wp_wc_order_coupon_lookup` VALUES (19481,17778,'2024-01-08 14:11:38',99);
INSERT INTO `wp_wc_order_coupon_lookup` VALUES (19489,647,'2024-01-09 08:25:38',399);
INSERT INTO `wp_wc_order_coupon_lookup` VALUES (19031,17778,'2023-10-05 15:45:37',175);
INSERT INTO `wp_wc_order_coupon_lookup` VALUES (19034,17778,'2023-10-05 15:49:03',99);
INSERT INTO `wp_wc_order_coupon_lookup` VALUES (19502,17778,'2024-01-10 10:36:01',399);
INSERT INTO `wp_wc_order_coupon_lookup` VALUES (19039,17778,'2023-10-05 15:53:15',175);
INSERT INTO `wp_wc_order_coupon_lookup` VALUES (19453,17778,'2024-01-05 10:52:02',175);
INSERT INTO `wp_wc_order_coupon_lookup` VALUES (19047,17778,'2023-10-05 16:20:13',399);
INSERT INTO `wp_wc_order_coupon_lookup` VALUES (19085,17778,'2023-10-06 15:18:04',175);
INSERT INTO `wp_wc_order_coupon_lookup` VALUES (19868,17778,'2024-05-09 11:00:52',399);
INSERT INTO `wp_wc_order_coupon_lookup` VALUES (19089,17778,'2023-10-06 16:43:49',399);
INSERT INTO `wp_wc_order_coupon_lookup` VALUES (19091,17778,'2023-10-09 08:41:36',39);
INSERT INTO `wp_wc_order_coupon_lookup` VALUES (19093,17778,'2023-10-09 08:56:54',99);
INSERT INTO `wp_wc_order_coupon_lookup` VALUES (19095,17778,'2023-10-09 10:12:51',175);
INSERT INTO `wp_wc_order_coupon_lookup` VALUES (19097,17778,'2023-10-09 10:53:35',175);
INSERT INTO `wp_wc_order_coupon_lookup` VALUES (19100,17778,'2023-10-09 12:50:53',175);
INSERT INTO `wp_wc_order_coupon_lookup` VALUES (19102,17778,'2023-10-09 13:02:38',99);
INSERT INTO `wp_wc_order_coupon_lookup` VALUES (19104,17778,'2023-10-09 13:18:38',299);
INSERT INTO `wp_wc_order_coupon_lookup` VALUES (19111,17778,'2023-10-09 14:31:49',399);
INSERT INTO `wp_wc_order_coupon_lookup` VALUES (19113,17778,'2023-10-09 14:32:26',299);
INSERT INTO `wp_wc_order_coupon_lookup` VALUES (19457,17778,'2024-01-05 10:56:28',175);
INSERT INTO `wp_wc_order_coupon_lookup` VALUES (19507,647,'2024-01-10 15:29:30',299);
INSERT INTO `wp_wc_order_coupon_lookup` VALUES (19158,17778,'2023-10-10 10:46:40',39);
INSERT INTO `wp_wc_order_coupon_lookup` VALUES (20013,17778,'2024-07-08 14:40:00',299);
INSERT INTO `wp_wc_order_coupon_lookup` VALUES (19920,17778,'2024-06-10 13:13:29',299);
INSERT INTO `wp_wc_order_coupon_lookup` VALUES (19647,17778,'2024-02-28 10:40:51',299);
INSERT INTO `wp_wc_order_coupon_lookup` VALUES (19651,17778,'2024-02-28 10:43:33',299);

--
-- Table structure for table `wp_wc_order_operational_data`
--

CREATE TABLE `wp_wc_order_operational_data` (
  `id` bigint(20) unsigned NOT NULL AUTO_INCREMENT,
  `order_id` bigint(20) unsigned DEFAULT NULL,
  `created_via` varchar(100) DEFAULT NULL,
  `woocommerce_version` varchar(20) DEFAULT NULL,
  `prices_include_tax` tinyint(1) DEFAULT NULL,
  `coupon_usages_are_counted` tinyint(1) DEFAULT NULL,
  `download_permission_granted` tinyint(1) DEFAULT NULL,
  `cart_hash` varchar(100) DEFAULT NULL,
  `new_order_email_sent` tinyint(1) DEFAULT NULL,
  `order_key` varchar(100) DEFAULT NULL,
  `order_stock_reduced` tinyint(1) DEFAULT NULL,
  `date_paid_gmt` datetime DEFAULT NULL,
  `date_completed_gmt` datetime DEFAULT NULL,
  `shipping_tax_amount` decimal(26,8) DEFAULT NULL,
  `shipping_total_amount` decimal(26,8) DEFAULT NULL,
  `discount_tax_amount` decimal(26,8) DEFAULT NULL,
  `discount_total_amount` decimal(26,8) DEFAULT NULL,
  `recorded_sales` tinyint(1) DEFAULT NULL,
  PRIMARY KEY (`id`),
  UNIQUE KEY `order_id` (`order_id`),
  KEY `order_key` (`order_key`)
) ENGINE=MyISAM DEFAULT CHARSET=utf8mb4 COLLATE=utf8mb4_unicode_520_ci;

--
-- Dumping data for table `wp_wc_order_operational_data`
--


--
-- Table structure for table `wp_wc_order_product_lookup`
--

CREATE TABLE `wp_wc_order_product_lookup` (
  `order_item_id` bigint(20) unsigned NOT NULL,
  `order_id` bigint(20) unsigned NOT NULL,
  `product_id` bigint(20) unsigned NOT NULL,
  `variation_id` bigint(20) unsigned NOT NULL,
  `customer_id` bigint(20) unsigned DEFAULT NULL,
  `date_created` datetime NOT NULL DEFAULT '0000-00-00 00:00:00',
  `product_qty` int(11) NOT NULL,
  `product_net_revenue` double NOT NULL DEFAULT 0,
  `product_gross_revenue` double NOT NULL DEFAULT 0,
  `coupon_amount` double NOT NULL DEFAULT 0,
  `tax_amount` double NOT NULL DEFAULT 0,
  `shipping_amount` double NOT NULL DEFAULT 0,
  `shipping_tax_amount` double NOT NULL DEFAULT 0,
  PRIMARY KEY (`order_item_id`),
  KEY `order_id` (`order_id`),
  KEY `product_id` (`product_id`),
  KEY `customer_id` (`customer_id`),
  KEY `date_created` (`date_created`)
) ENGINE=MyISAM DEFAULT CHARSET=utf8mb4 COLLATE=utf8mb4_unicode_520_ci;

--
-- Dumping data for table `wp_wc_order_product_lookup`
--

INSERT INTO `wp_wc_order_product_lookup` VALUES (4330,19778,1205,18705,492,'2024-04-08 14:00:22',1,0,0,0,0,0,0);
INSERT INTO `wp_wc_order_product_lookup` VALUES (4390,19905,1205,1209,445,'2024-05-21 16:34:34',1,99,99,0,0,0,0);
INSERT INTO `wp_wc_order_product_lookup` VALUES (4322,19706,1205,1210,498,'2024-03-06 11:40:07',1,175,175,0,0,0,0);
INSERT INTO `wp_wc_order_product_lookup` VALUES (4388,19904,1205,1211,500,'2024-05-21 16:30:35',1,299,299,0,0,0,0);
INSERT INTO `wp_wc_order_product_lookup` VALUES (3927,18966,1205,8070,456,'2023-10-04 14:07:13',1,0,0,0,0,0,0);
INSERT INTO `wp_wc_order_product_lookup` VALUES (4320,19705,1205,1210,498,'2024-03-06 11:39:21',1,175,175,0,0,0,0);
INSERT INTO `wp_wc_order_product_lookup` VALUES (4364,19875,1205,1209,445,'2024-05-09 11:26:02',1,99,99,0,0,0,0);
INSERT INTO `wp_wc_order_product_lookup` VALUES (3933,18983,1205,1210,457,'2023-10-04 15:43:25',1,0,0,175,0,0,0);
INSERT INTO `wp_wc_order_product_lookup` VALUES (4372,19894,1205,1210,445,'2024-05-21 16:12:58',1,0,0,0,0,0,0);
INSERT INTO `wp_wc_order_product_lookup` VALUES (4252,19665,1205,18705,492,'2024-03-04 10:00:18',1,0,0,0,0,0,0);
INSERT INTO `wp_wc_order_product_lookup` VALUES (3995,19047,1205,8070,466,'2023-10-05 16:20:13',1,0,0,399,0,0,0);
INSERT INTO `wp_wc_order_product_lookup` VALUES (4375,19896,1205,1210,445,'2024-05-21 16:14:16',1,0,0,0,0,0,0);
INSERT INTO `wp_wc_order_product_lookup` VALUES (4380,19899,1205,1210,445,'2024-05-21 16:16:58',1,0,0,0,0,0,0);
INSERT INTO `wp_wc_order_product_lookup` VALUES (4258,19669,1205,1210,498,'2024-03-04 15:11:42',1,175,175,0,0,0,0);
INSERT INTO `wp_wc_order_product_lookup` VALUES (4297,19688,1205,1210,498,'2024-03-04 15:38:24',1,175,175,0,0,0,0);
INSERT INTO `wp_wc_order_product_lookup` VALUES (4246,19662,1205,1209,498,'2024-02-29 13:13:23',1,99,99,0,0,0,0);
INSERT INTO `wp_wc_order_product_lookup` VALUES (4402,20015,1205,10159,445,'2024-07-08 14:41:30',1,39,39,0,0,0,0);
INSERT INTO `wp_wc_order_product_lookup` VALUES (4084,19176,8430,8432,470,'2023-10-10 12:29:35',1,540,540,0,0,0,0);
INSERT INTO `wp_wc_order_product_lookup` VALUES (4050,19111,1205,8070,476,'2023-10-09 14:31:49',1,0,0,399,0,0,0);
INSERT INTO `wp_wc_order_product_lookup` VALUES (4377,19898,1205,1211,445,'2024-05-21 16:14:32',1,0,0,0,0,0,0);
INSERT INTO `wp_wc_order_product_lookup` VALUES (4114,19463,1205,1210,485,'2024-01-05 12:18:44',1,0,0,175,0,0,0);
INSERT INTO `wp_wc_order_product_lookup` VALUES (3975,19034,1205,1209,462,'2023-10-05 15:49:03',1,0,0,99,0,0,0);
INSERT INTO `wp_wc_order_product_lookup` VALUES (4360,19873,1205,1209,445,'2024-05-09 11:18:51',1,99,99,0,0,0,0);
INSERT INTO `wp_wc_order_product_lookup` VALUES (4221,19651,1205,1211,496,'2024-02-28 10:43:33',1,0,0,299,0,0,0);
INSERT INTO `wp_wc_order_product_lookup` VALUES (3812,18543,1205,1211,434,'2023-08-04 14:56:33',1,299,299,0,0,0,0);
INSERT INTO `wp_wc_order_product_lookup` VALUES (4295,19687,1205,1210,498,'2024-03-04 15:37:48',1,175,175,0,0,0,0);
INSERT INTO `wp_wc_order_product_lookup` VALUES (4376,19897,1205,8070,445,'2024-05-21 16:14:25',1,0,0,0,0,0,0);
INSERT INTO `wp_wc_order_product_lookup` VALUES (4262,19671,1205,1210,498,'2024-03-04 15:12:24',1,175,175,0,0,0,0);
INSERT INTO `wp_wc_order_product_lookup` VALUES (4260,19670,1205,1210,498,'2024-03-04 15:11:58',1,175,175,0,0,0,0);
INSERT INTO `wp_wc_order_product_lookup` VALUES (4144,19507,1205,1211,491,'2024-01-10 15:29:30',1,0,0,299,0,0,0);
INSERT INTO `wp_wc_order_product_lookup` VALUES (4303,19691,1205,1211,496,'2024-03-04 16:41:03',1,0,0,299,0,0,0);
INSERT INTO `wp_wc_order_product_lookup` VALUES (3877,18769,1205,18705,447,'2023-09-20 15:21:07',1,0,0,0,0,0,0);
INSERT INTO `wp_wc_order_product_lookup` VALUES (4254,19666,1205,1210,498,'2024-03-04 15:06:21',1,175,175,0,0,0,0);
INSERT INTO `wp_wc_order_product_lookup` VALUES (4410,20018,1205,1210,445,'2024-07-08 14:44:25',1,0,0,0,0,0,0);
INSERT INTO `wp_wc_order_product_lookup` VALUES (4149,19556,1205,18705,492,'2024-01-26 12:58:42',1,0,0,0,0,0,0);
INSERT INTO `wp_wc_order_product_lookup` VALUES (4286,19683,1205,1210,498,'2024-03-04 15:33:26',1,175,175,0,0,0,0);
INSERT INTO `wp_wc_order_product_lookup` VALUES (4408,20017,1205,1210,502,'2024-07-08 14:43:04',1,175,175,0,0,0,0);
INSERT INTO `wp_wc_order_product_lookup` VALUES (4126,19481,1205,1209,488,'2024-01-08 14:11:38',1,0,0,99,0,0,0);
INSERT INTO `wp_wc_order_product_lookup` VALUES (4397,20013,1205,1211,502,'2024-07-08 14:40:00',1,0,0,299,0,0,0);
INSERT INTO `wp_wc_order_product_lookup` VALUES (4132,19489,1205,8070,489,'2024-01-09 08:25:38',1,0,0,399,0,0,0);
INSERT INTO `wp_wc_order_product_lookup` VALUES (4293,19686,1205,1210,498,'2024-03-04 15:36:24',1,175,175,0,0,0,0);
INSERT INTO `wp_wc_order_product_lookup` VALUES (4139,19502,1205,8070,490,'2024-01-10 10:36:01',1,0,0,399,0,0,0);
INSERT INTO `wp_wc_order_product_lookup` VALUES (4030,19097,1205,1210,472,'2023-10-09 10:53:35',1,0,0,175,0,0,0);
INSERT INTO `wp_wc_order_product_lookup` VALUES (4040,19102,1205,1209,474,'2023-10-09 13:02:38',1,0,0,99,0,0,0);
INSERT INTO `wp_wc_order_product_lookup` VALUES (4045,19104,1205,1211,475,'2023-10-09 13:18:38',1,0,0,299,0,0,0);
INSERT INTO `wp_wc_order_product_lookup` VALUES (4035,19100,1205,1210,473,'2023-10-09 12:50:53',1,0,0,175,0,0,0);
INSERT INTO `wp_wc_order_product_lookup` VALUES (4020,19093,1205,1209,470,'2023-10-09 08:56:54',1,0,0,99,0,0,0);
INSERT INTO `wp_wc_order_product_lookup` VALUES (4015,19091,1205,10159,469,'2023-10-09 08:41:36',1,0,0,39,0,0,0);
INSERT INTO `wp_wc_order_product_lookup` VALUES (4277,19679,1205,1210,498,'2024-03-04 15:23:32',1,175,175,0,0,0,0);
INSERT INTO `wp_wc_order_product_lookup` VALUES (4373,19895,1205,1209,445,'2024-05-21 16:13:28',1,99,99,0,0,0,0);
INSERT INTO `wp_wc_order_product_lookup` VALUES (4000,19085,1205,1210,456,'2023-10-06 15:18:04',1,0,0,175,0,0,0);
INSERT INTO `wp_wc_order_product_lookup` VALUES (4219,19649,1205,8070,496,'2024-02-28 10:42:06',1,0,0,0,0,0,0);
INSERT INTO `wp_wc_order_product_lookup` VALUES (4368,19893,1205,1211,500,'2024-05-21 16:11:00',1,299,299,0,0,0,0);
INSERT INTO `wp_wc_order_product_lookup` VALUES (3902,18930,1205,8070,452,'2023-10-04 09:09:19',1,0,0,399,0,0,0);
INSERT INTO `wp_wc_order_product_lookup` VALUES (4279,19680,1205,1210,498,'2024-03-04 15:25:44',1,175,175,0,0,0,0);
INSERT INTO `wp_wc_order_product_lookup` VALUES (4102,19457,1205,1210,482,'2024-01-05 10:56:28',1,0,0,175,0,0,0);
INSERT INTO `wp_wc_order_product_lookup` VALUES (3917,18959,1205,1211,455,'2023-10-04 11:46:11',1,0,0,299,0,0,0);
INSERT INTO `wp_wc_order_product_lookup` VALUES (3865,18748,1205,18705,443,'2023-09-19 14:40:08',1,0,0,0,0,0,0);
INSERT INTO `wp_wc_order_product_lookup` VALUES (4392,19920,1205,1211,501,'2024-06-10 13:13:29',1,0,0,299,0,0,0);
INSERT INTO `wp_wc_order_product_lookup` VALUES (4010,19089,1205,8070,468,'2023-10-06 16:43:49',1,0,0,399,0,0,0);
INSERT INTO `wp_wc_order_product_lookup` VALUES (4085,19178,8430,8433,481,'2023-10-10 14:09:17',1,625,625,0,0,0,0);
INSERT INTO `wp_wc_order_product_lookup` VALUES (4055,19113,1205,1211,477,'2023-10-09 14:32:26',1,0,0,299,0,0,0);
INSERT INTO `wp_wc_order_product_lookup` VALUES (4025,19095,1205,1210,471,'2023-10-09 10:12:51',1,0,0,175,0,0,0);
INSERT INTO `wp_wc_order_product_lookup` VALUES (4387,19903,1205,8070,500,'2024-05-21 16:27:42',1,0,0,0,0,0,0);
INSERT INTO `wp_wc_order_product_lookup` VALUES (4383,19901,1205,1211,500,'2024-05-21 16:24:28',1,299,299,0,0,0,0);
INSERT INTO `wp_wc_order_product_lookup` VALUES (4381,19900,1205,1209,445,'2024-05-21 16:17:44',1,99,99,0,0,0,0);
INSERT INTO `wp_wc_order_product_lookup` VALUES (4075,19158,1205,10159,481,'2023-10-10 10:46:40',1,0,0,39,0,0,0);
INSERT INTO `wp_wc_order_product_lookup` VALUES (4324,19707,1205,1210,498,'2024-03-06 11:40:24',1,175,175,0,0,0,0);
INSERT INTO `wp_wc_order_product_lookup` VALUES (4250,19664,1205,1209,498,'2024-02-29 15:08:19',1,99,99,0,0,0,0);
INSERT INTO `wp_wc_order_product_lookup` VALUES (4299,19689,1205,1210,498,'2024-03-04 15:40:19',1,175,175,0,0,0,0);
INSERT INTO `wp_wc_order_product_lookup` VALUES (3922,18961,1205,1210,456,'2023-10-04 11:53:52',1,0,0,175,0,0,0);
INSERT INTO `wp_wc_order_product_lookup` VALUES (4264,19672,1205,1210,498,'2024-03-04 15:12:50',1,175,175,0,0,0,0);
INSERT INTO `wp_wc_order_product_lookup` VALUES (4271,19676,1205,1210,498,'2024-03-04 15:15:58',1,175,175,0,0,0,0);
INSERT INTO `wp_wc_order_product_lookup` VALUES (4318,19704,1205,1210,498,'2024-03-06 11:39:08',1,175,175,0,0,0,0);
INSERT INTO `wp_wc_order_product_lookup` VALUES (4301,19690,1205,8070,490,'2024-03-04 16:38:30',1,399,399,0,0,0,0);
INSERT INTO `wp_wc_order_product_lookup` VALUES (4214,19647,1205,1211,496,'2024-02-28 10:40:51',1,0,0,299,0,0,0);
INSERT INTO `wp_wc_order_product_lookup` VALUES (4220,19650,1205,8070,496,'2024-02-28 10:42:19',1,0,0,0,0,0,0);
INSERT INTO `wp_wc_order_product_lookup` VALUES (3970,19031,1205,1210,461,'2023-10-05 15:45:37',1,0,0,175,0,0,0);
INSERT INTO `wp_wc_order_product_lookup` VALUES (4411,20019,1205,10159,445,'2024-07-08 14:44:49',1,39,39,0,0,0,0);
INSERT INTO `wp_wc_order_product_lookup` VALUES (4095,19453,1205,1210,482,'2024-01-05 10:52:02',1,0,0,175,0,0,0);
INSERT INTO `wp_wc_order_product_lookup` VALUES (3938,18990,1205,1211,457,'2023-10-04 16:05:56',1,0,0,299,0,0,0);
INSERT INTO `wp_wc_order_product_lookup` VALUES (4349,19868,1205,8070,500,'2024-05-09 11:00:52',1,0,0,399,0,0,0);
INSERT INTO `wp_wc_order_product_lookup` VALUES (3985,19039,1205,1210,464,'2023-10-05 15:53:15',1,0,0,175,0,0,0);

--
-- Table structure for table `wp_wc_order_stats`
--

CREATE TABLE `wp_wc_order_stats` (
  `order_id` bigint(20) unsigned NOT NULL,
  `parent_id` bigint(20) unsigned NOT NULL DEFAULT 0,
  `date_created` datetime NOT NULL DEFAULT '0000-00-00 00:00:00',
  `date_created_gmt` datetime NOT NULL DEFAULT '0000-00-00 00:00:00',
  `num_items_sold` int(11) NOT NULL DEFAULT 0,
  `total_sales` double NOT NULL DEFAULT 0,
  `tax_total` double NOT NULL DEFAULT 0,
  `shipping_total` double NOT NULL DEFAULT 0,
  `net_total` double NOT NULL DEFAULT 0,
  `returning_customer` tinyint(1) DEFAULT NULL,
  `status` varchar(200) NOT NULL,
  `customer_id` bigint(20) unsigned NOT NULL,
  `date_paid` datetime DEFAULT '0000-00-00 00:00:00',
  `date_completed` datetime DEFAULT '0000-00-00 00:00:00',
  PRIMARY KEY (`order_id`),
  KEY `date_created` (`date_created`),
  KEY `customer_id` (`customer_id`),
  KEY `status` (`status`(191))
) ENGINE=MyISAM DEFAULT CHARSET=utf8mb4 COLLATE=utf8mb4_unicode_520_ci;

--
-- Dumping data for table `wp_wc_order_stats`
--

INSERT INTO `wp_wc_order_stats` VALUES (4496,4494,'2020-11-20 16:52:13','2020-11-20 16:52:13',0,-2,0,0,-2,NULL,'wc-completed',16,'0000-00-00 00:00:00','0000-00-00 00:00:00');
INSERT INTO `wp_wc_order_stats` VALUES (19113,0,'2023-10-09 14:32:26','2023-10-09 20:32:26',1,0,0,0,0,0,'wc-completed',477,'2023-10-09 14:32:27','2023-10-09 14:40:16');
INSERT INTO `wp_wc_order_stats` VALUES (19111,0,'2023-10-09 14:31:49','2023-10-09 20:31:49',1,0,0,0,0,0,'wc-completed',476,'2023-10-09 14:31:49','2023-10-09 14:32:36');
INSERT INTO `wp_wc_order_stats` VALUES (19102,0,'2023-10-09 13:02:38','2023-10-09 19:02:38',1,0,0,0,0,0,'wc-completed',474,'2023-10-09 13:02:39','2023-10-09 13:06:08');
INSERT INTO `wp_wc_order_stats` VALUES (19104,0,'2023-10-09 13:18:38','2023-10-09 19:18:38',1,0,0,0,0,0,'wc-completed',475,'2023-10-09 13:18:38','2023-10-09 14:40:29');
INSERT INTO `wp_wc_order_stats` VALUES (19093,0,'2023-10-09 08:56:54','2023-10-09 14:56:54',1,0,0,0,0,0,'wc-completed',470,'2023-10-09 08:56:55','2023-10-10 10:54:36');
INSERT INTO `wp_wc_order_stats` VALUES (19095,0,'2023-10-09 10:12:51','2023-10-09 16:12:51',1,0,0,0,0,0,'wc-completed',471,'2023-10-09 10:12:52','2023-10-09 10:25:21');
INSERT INTO `wp_wc_order_stats` VALUES (15649,15644,'2022-09-06 13:13:47','2022-09-06 19:13:47',0,-99,0,0,-99,NULL,'wc-cancelled',415,'0000-00-00 00:00:00','0000-00-00 00:00:00');
INSERT INTO `wp_wc_order_stats` VALUES (15162,15160,'2022-07-08 16:00:18','2022-07-08 22:00:18',0,-39,0,0,-39,NULL,'wc-cancelled',403,'0000-00-00 00:00:00','0000-00-00 00:00:00');
INSERT INTO `wp_wc_order_stats` VALUES (15525,15509,'2022-08-30 10:40:40','2022-08-30 16:40:40',0,-39,0,0,-39,0,'wc-refunded',408,'0000-00-00 00:00:00','0000-00-00 00:00:00');
INSERT INTO `wp_wc_order_stats` VALUES (18966,0,'2023-10-04 14:07:13','2023-10-04 20:07:13',1,0,0,0,0,1,'wc-completed',456,'2023-10-04 14:07:13','2023-10-04 14:07:13');
INSERT INTO `wp_wc_order_stats` VALUES (18983,0,'2023-10-04 15:43:25','2023-10-04 21:43:25',1,0,0,0,0,0,'wc-completed',457,'2023-10-04 15:43:25','2023-10-04 15:52:03');
INSERT INTO `wp_wc_order_stats` VALUES (18990,0,'2023-10-04 16:05:56','2023-10-04 22:05:56',1,0,0,0,0,1,'wc-completed',457,'2023-10-04 16:05:57','2023-10-04 16:09:06');
INSERT INTO `wp_wc_order_stats` VALUES (18992,18990,'2023-10-04 16:12:36','2023-10-04 22:12:36',0,0,0,0,0,NULL,'wc-completed',457,'2023-10-04 16:12:36','2023-10-04 16:12:36');
INSERT INTO `wp_wc_order_stats` VALUES (19687,0,'2024-03-04 15:37:48','2024-03-04 21:37:48',1,175,0,0,175,1,'wc-processing',498,NULL,NULL);
INSERT INTO `wp_wc_order_stats` VALUES (20019,0,'2024-07-08 14:44:49','2024-07-08 20:44:49',1,39,0,0,39,1,'wc-processing',445,NULL,NULL);
INSERT INTO `wp_wc_order_stats` VALUES (19873,0,'2024-05-09 11:18:51','2024-05-09 17:18:51',1,99,0,0,99,1,'wc-completed',445,'2024-05-09 11:19:27','2024-05-09 11:19:37');
INSERT INTO `wp_wc_order_stats` VALUES (19481,0,'2024-01-08 14:11:38','2024-01-08 20:11:38',1,0,0,0,0,0,'wc-completed',488,'2024-01-08 14:11:39','2024-01-08 14:18:14');
INSERT INTO `wp_wc_order_stats` VALUES (19489,0,'2024-01-09 08:25:38','2024-01-09 14:25:38',1,0,0,0,0,0,'wc-completed',489,'2024-01-09 08:25:39','2024-01-09 08:27:24');
INSERT INTO `wp_wc_order_stats` VALUES (19031,0,'2023-10-05 15:45:37','2023-10-05 21:45:37',1,0,0,0,0,0,'wc-completed',461,'2023-10-05 15:45:37','2023-10-05 15:46:22');
INSERT INTO `wp_wc_order_stats` VALUES (19034,0,'2023-10-05 15:49:03','2023-10-05 21:49:03',1,0,0,0,0,0,'wc-completed',462,'2023-10-05 15:49:03','2023-10-05 16:13:33');
INSERT INTO `wp_wc_order_stats` VALUES (15768,15767,'2022-09-13 09:36:26','2022-09-13 15:36:26',0,-99,0,0,-99,NULL,'wc-cancelled',417,'0000-00-00 00:00:00','0000-00-00 00:00:00');
INSERT INTO `wp_wc_order_stats` VALUES (15769,15760,'2022-09-13 09:37:10','2022-09-13 15:37:10',0,-99,0,0,-99,NULL,'wc-cancelled',417,'0000-00-00 00:00:00','0000-00-00 00:00:00');
INSERT INTO `wp_wc_order_stats` VALUES (19671,0,'2024-03-04 15:12:24','2024-03-04 21:12:24',1,175,0,0,175,1,'wc-cancelled',498,NULL,NULL);
INSERT INTO `wp_wc_order_stats` VALUES (19670,0,'2024-03-04 15:11:58','2024-03-04 21:11:58',1,175,0,0,175,1,'wc-cancelled',498,NULL,NULL);
INSERT INTO `wp_wc_order_stats` VALUES (19778,0,'2024-04-08 14:00:22','2024-04-08 20:00:22',1,0,0,0,0,1,'wc-processing',492,'2024-04-08 14:00:23',NULL);
INSERT INTO `wp_wc_order_stats` VALUES (19507,0,'2024-01-10 15:29:30','2024-01-10 21:29:30',1,0,0,0,0,0,'wc-completed',491,'2024-01-10 15:29:31','2024-01-10 15:34:01');
INSERT INTO `wp_wc_order_stats` VALUES (19556,0,'2024-01-26 12:58:42','2024-01-26 18:58:42',1,0,0,0,0,0,'wc-processing',492,'2024-01-26 12:58:43',NULL);
INSERT INTO `wp_wc_order_stats` VALUES (19683,0,'2024-03-04 15:33:26','2024-03-04 21:33:26',1,175,0,0,175,1,'wc-processing',498,NULL,NULL);
INSERT INTO `wp_wc_order_stats` VALUES (20013,0,'2024-07-08 14:40:00','2024-07-08 20:40:00',1,0,0,0,0,0,'wc-completed',502,'2024-07-08 14:40:01','2024-07-08 14:40:56');
INSERT INTO `wp_wc_order_stats` VALUES (20015,0,'2024-07-08 14:41:30','2024-07-08 20:41:30',1,39,0,0,39,1,'wc-completed',445,'2024-07-08 14:42:24','2024-07-08 14:43:32');
INSERT INTO `wp_wc_order_stats` VALUES (20017,0,'2024-07-08 14:43:04','2024-07-08 20:43:04',1,175,0,0,175,1,'wc-completed',502,'2024-07-08 14:43:34','2024-07-08 14:44:16');
INSERT INTO `wp_wc_order_stats` VALUES (20018,0,'2024-07-08 14:44:25','2024-07-08 20:44:25',1,0,0,0,0,1,'wc-completed',445,'2024-07-08 14:44:25','2024-07-08 14:44:25');
INSERT INTO `wp_wc_order_stats` VALUES (18748,0,'2023-09-19 14:40:08','2023-09-19 20:40:08',1,0,0,0,0,0,'wc-completed',443,'2023-09-19 14:40:08','2023-10-09 10:29:59');
INSERT INTO `wp_wc_order_stats` VALUES (19676,0,'2024-03-04 15:15:58','2024-03-04 21:15:58',1,175,0,0,175,1,'wc-processing',498,NULL,NULL);
INSERT INTO `wp_wc_order_stats` VALUES (18769,0,'2023-09-20 15:21:07','2023-09-20 21:21:07',1,0,0,0,0,0,'wc-completed',447,'2023-09-20 15:21:08','2023-09-27 15:20:32');
INSERT INTO `wp_wc_order_stats` VALUES (19457,0,'2024-01-05 10:56:28','2024-01-05 16:56:28',1,0,0,0,0,1,'wc-completed',482,'2024-01-05 10:56:29','2024-01-05 10:57:27');
INSERT INTO `wp_wc_order_stats` VALUES (19686,0,'2024-03-04 15:36:24','2024-03-04 21:36:24',1,175,0,0,175,1,'wc-processing',498,NULL,NULL);
INSERT INTO `wp_wc_order_stats` VALUES (19920,0,'2024-06-10 13:13:29','2024-06-10 19:13:29',1,0,0,0,0,0,'wc-completed',501,'2024-06-10 13:13:30','2024-06-10 13:14:27');
INSERT INTO `wp_wc_order_stats` VALUES (19868,0,'2024-05-09 11:00:52','2024-05-09 17:00:52',1,0,0,0,0,0,'wc-processing',500,'2024-05-09 11:00:53',NULL);
INSERT INTO `wp_wc_order_stats` VALUES (19463,0,'2024-01-05 12:18:44','2024-01-05 18:18:44',1,0,0,0,0,0,'wc-completed',485,'2024-01-05 12:18:44','2024-01-05 12:20:03');
INSERT INTO `wp_wc_order_stats` VALUES (19893,0,'2024-05-21 16:11:00','2024-05-21 22:11:00',1,299,0,0,299,1,'wc-completed',500,'2024-05-21 16:11:32','2024-05-21 16:11:43');
INSERT INTO `wp_wc_order_stats` VALUES (15626,15620,'2022-09-01 13:53:23','2022-09-01 19:53:23',0,-99,0,0,-99,1,'wc-cancelled',412,'0000-00-00 00:00:00','0000-00-00 00:00:00');
INSERT INTO `wp_wc_order_stats` VALUES (15443,15417,'2022-07-20 13:36:23','2022-07-20 19:36:23',0,-39,0,0,-39,1,'wc-cancelled',405,'0000-00-00 00:00:00','0000-00-00 00:00:00');
INSERT INTO `wp_wc_order_stats` VALUES (15444,15422,'2022-07-20 13:36:41','2022-07-20 19:36:41',0,-39,0,0,-39,1,'wc-cancelled',405,'0000-00-00 00:00:00','0000-00-00 00:00:00');
INSERT INTO `wp_wc_order_stats` VALUES (19097,0,'2023-10-09 10:53:35','2023-10-09 16:53:35',1,0,0,0,0,0,'wc-completed',472,'2023-10-09 10:53:36','2023-10-09 10:55:01');
INSERT INTO `wp_wc_order_stats` VALUES (19100,0,'2023-10-09 12:50:53','2023-10-09 18:50:53',1,0,0,0,0,0,'wc-completed',473,'2023-10-09 12:50:54','2023-10-09 14:40:38');
INSERT INTO `wp_wc_order_stats` VALUES (18930,0,'2023-10-04 09:09:19','2023-10-04 15:09:19',1,0,0,0,0,0,'wc-completed',452,'2023-10-04 09:09:19','2023-10-04 09:12:56');
INSERT INTO `wp_wc_order_stats` VALUES (18959,0,'2023-10-04 11:46:11','2023-10-04 17:46:11',1,0,0,0,0,0,'wc-completed',455,'2023-10-04 11:46:11','2023-10-04 11:49:26');
INSERT INTO `wp_wc_order_stats` VALUES (18961,0,'2023-10-04 11:53:52','2023-10-04 17:53:52',1,0,0,0,0,0,'wc-completed',456,'2023-10-04 11:53:52','2023-10-04 11:54:37');
INSERT INTO `wp_wc_order_stats` VALUES (18965,0,'2023-10-04 14:06:37','2023-10-04 20:06:37',0,0,0,0,0,1,'wc-completed',456,'2023-10-04 14:06:38','2023-10-04 14:06:38');
INSERT INTO `wp_wc_order_stats` VALUES (19672,0,'2024-03-04 15:12:50','2024-03-04 21:12:50',1,175,0,0,175,1,'wc-processing',498,NULL,NULL);
INSERT INTO `wp_wc_order_stats` VALUES (19502,0,'2024-01-10 10:36:01','2024-01-10 16:36:01',1,0,0,0,0,0,'wc-completed',490,'2024-01-10 10:36:01','2024-01-10 10:37:51');
INSERT INTO `wp_wc_order_stats` VALUES (19158,0,'2023-10-10 10:46:40','2023-10-10 16:46:40',1,0,0,0,0,0,'wc-completed',481,'2023-10-10 10:46:41','2023-10-10 10:47:03');
INSERT INTO `wp_wc_order_stats` VALUES (19039,0,'2023-10-05 15:53:15','2023-10-05 21:53:15',1,0,0,0,0,0,'wc-completed',464,'2023-10-05 15:53:15','2023-10-05 15:53:57');
INSERT INTO `wp_wc_order_stats` VALUES (19047,0,'2023-10-05 16:20:13','2023-10-05 22:20:13',1,0,0,0,0,0,'wc-completed',466,'2023-10-05 16:20:13','2023-10-09 09:14:30');
INSERT INTO `wp_wc_order_stats` VALUES (19085,0,'2023-10-06 15:18:04','2023-10-06 21:18:04',1,0,0,0,0,1,'wc-completed',456,'2023-10-06 15:18:05','2023-10-06 15:30:15');
INSERT INTO `wp_wc_order_stats` VALUES (19679,0,'2024-03-04 15:23:32','2024-03-04 21:23:32',1,175,0,0,175,1,'wc-processing',498,NULL,NULL);
INSERT INTO `wp_wc_order_stats` VALUES (19089,0,'2023-10-06 16:43:49','2023-10-06 22:43:49',1,0,0,0,0,0,'wc-completed',468,'2023-10-06 16:43:49','2023-10-06 16:45:17');
INSERT INTO `wp_wc_order_stats` VALUES (19091,0,'2023-10-09 08:41:36','2023-10-09 14:41:36',1,0,0,0,0,0,'wc-completed',469,'2023-10-09 08:41:36','2023-10-09 09:05:56');
INSERT INTO `wp_wc_order_stats` VALUES (18543,0,'2023-08-04 14:56:33','2023-08-04 20:56:33',1,299,0,0,299,0,'wc-completed',434,'2023-08-04 14:57:23','2023-08-04 15:02:30');
INSERT INTO `wp_wc_order_stats` VALUES (19453,0,'2024-01-05 10:52:02','2024-01-05 16:52:02',1,0,0,0,0,0,'wc-completed',482,'2024-01-05 10:52:03','2024-01-05 10:52:44');
INSERT INTO `wp_wc_order_stats` VALUES (19680,0,'2024-03-04 15:25:44','2024-03-04 21:25:44',1,175,0,0,175,1,'wc-processing',498,NULL,NULL);
INSERT INTO `wp_wc_order_stats` VALUES (19176,0,'2023-10-10 12:29:35','2023-10-10 18:29:35',1,540,0,0,540,1,'wc-completed',470,'2023-10-10 12:30:34','2023-10-10 14:05:40');
INSERT INTO `wp_wc_order_stats` VALUES (19178,0,'2023-10-10 14:09:17','2023-10-10 20:09:17',1,625,0,0,625,1,'wc-completed',481,'2023-10-10 14:11:02','2023-10-10 14:11:02');
INSERT INTO `wp_wc_order_stats` VALUES (19669,0,'2024-03-04 15:11:42','2024-03-04 21:11:42',1,175,0,0,175,1,'wc-cancelled',498,NULL,NULL);
INSERT INTO `wp_wc_order_stats` VALUES (19647,0,'2024-02-28 10:40:51','2024-02-28 16:40:51',1,0,0,0,0,0,'wc-completed',496,'2024-02-28 10:40:52','2024-02-28 10:44:19');
INSERT INTO `wp_wc_order_stats` VALUES (19649,0,'2024-02-28 10:42:06','2024-02-28 16:42:06',1,0,0,0,0,1,'wc-completed',496,'2024-02-28 10:42:06','2024-02-28 10:42:06');
INSERT INTO `wp_wc_order_stats` VALUES (19650,0,'2024-02-28 10:42:19','2024-02-28 16:42:19',1,0,0,0,0,1,'wc-completed',496,'2024-02-28 10:42:19','2024-02-28 10:42:19');
INSERT INTO `wp_wc_order_stats` VALUES (19651,0,'2024-02-28 10:43:33','2024-02-28 16:43:33',1,0,0,0,0,1,'wc-completed',496,'2024-02-28 10:43:34','2024-02-28 10:44:05');
INSERT INTO `wp_wc_order_stats` VALUES (19875,0,'2024-05-09 11:26:02','2024-05-09 17:26:02',1,99,0,0,99,1,'wc-completed',445,'2024-05-21 16:12:34','2024-05-21 16:12:34');
INSERT INTO `wp_wc_order_stats` VALUES (19666,0,'2024-03-04 15:06:21','2024-03-04 21:06:21',1,175,0,0,175,1,'wc-processing',498,NULL,NULL);
INSERT INTO `wp_wc_order_stats` VALUES (19665,0,'2024-03-04 10:00:18','2024-03-04 16:00:18',1,0,0,0,0,1,'wc-processing',492,'2024-03-04 10:00:19',NULL);
INSERT INTO `wp_wc_order_stats` VALUES (19664,0,'2024-02-29 15:08:19','2024-02-29 21:08:19',1,99,0,0,99,1,'wc-processing',498,NULL,NULL);
INSERT INTO `wp_wc_order_stats` VALUES (19662,0,'2024-02-29 13:13:23','2024-02-29 19:13:23',1,99,0,0,99,0,'wc-processing',498,NULL,NULL);
INSERT INTO `wp_wc_order_stats` VALUES (19688,0,'2024-03-04 15:38:24','2024-03-04 21:38:24',1,175,0,0,175,1,'wc-processing',498,NULL,NULL);
INSERT INTO `wp_wc_order_stats` VALUES (19689,0,'2024-03-04 15:40:19','2024-03-04 21:40:19',1,175,0,0,175,1,'wc-processing',498,'2024-03-04 15:43:52',NULL);
INSERT INTO `wp_wc_order_stats` VALUES (19690,0,'2024-03-04 16:38:30','2024-03-04 22:38:30',1,399,0,0,399,1,'wc-processing',490,NULL,NULL);
INSERT INTO `wp_wc_order_stats` VALUES (19691,0,'2024-03-04 16:41:03','2024-03-04 22:41:03',1,0,0,0,0,1,'wc-processing',496,'2024-03-04 16:41:03',NULL);
INSERT INTO `wp_wc_order_stats` VALUES (19704,0,'2024-03-06 11:39:08','2024-03-06 17:39:08',1,175,0,0,175,1,'wc-processing',498,NULL,NULL);
INSERT INTO `wp_wc_order_stats` VALUES (19705,0,'2024-03-06 11:39:21','2024-03-06 17:39:21',1,175,0,0,175,1,'wc-processing',498,NULL,NULL);
INSERT INTO `wp_wc_order_stats` VALUES (19706,0,'2024-03-06 11:40:07','2024-03-06 17:40:07',1,175,0,0,175,1,'wc-processing',498,NULL,NULL);
INSERT INTO `wp_wc_order_stats` VALUES (19707,0,'2024-03-06 11:40:24','2024-03-06 17:40:24',1,175,0,0,175,1,'wc-processing',498,NULL,NULL);
INSERT INTO `wp_wc_order_stats` VALUES (19894,0,'2024-05-21 16:12:58','2024-05-21 22:12:58',1,0,0,0,0,1,'wc-completed',445,'2024-05-21 16:12:58','2024-05-21 16:12:58');
INSERT INTO `wp_wc_order_stats` VALUES (19895,0,'2024-05-21 16:13:28','2024-05-21 22:13:28',1,99,0,0,99,1,'wc-completed',445,'2024-05-21 16:13:52','2024-05-21 16:13:52');
INSERT INTO `wp_wc_order_stats` VALUES (19896,0,'2024-05-21 16:14:16','2024-05-21 22:14:16',1,0,0,0,0,1,'wc-completed',445,'2024-05-21 16:14:16','2024-05-21 16:14:16');
INSERT INTO `wp_wc_order_stats` VALUES (19897,0,'2024-05-21 16:14:25','2024-05-21 22:14:25',1,0,0,0,0,1,'wc-completed',445,'2024-05-21 16:14:25','2024-05-21 16:14:25');
INSERT INTO `wp_wc_order_stats` VALUES (19898,0,'2024-05-21 16:14:32','2024-05-21 22:14:32',1,0,0,0,0,1,'wc-completed',445,'2024-05-21 16:14:33','2024-05-21 16:14:33');
INSERT INTO `wp_wc_order_stats` VALUES (19899,0,'2024-05-21 16:16:58','2024-05-21 22:16:58',1,0,0,0,0,1,'wc-completed',445,'2024-05-21 16:16:58','2024-05-21 16:16:58');
INSERT INTO `wp_wc_order_stats` VALUES (19900,0,'2024-05-21 16:17:44','2024-05-21 22:17:44',1,99,0,0,99,1,'wc-processing',445,'2024-05-21 16:18:09',NULL);
INSERT INTO `wp_wc_order_stats` VALUES (19901,0,'2024-05-21 16:24:28','2024-05-21 22:24:28',1,299,0,0,299,1,'wc-completed',500,'2024-05-21 16:27:22','2024-05-21 16:27:22');
INSERT INTO `wp_wc_order_stats` VALUES (19903,0,'2024-05-21 16:27:42','2024-05-21 22:27:42',1,0,0,0,0,1,'wc-completed',500,'2024-05-21 16:27:42','2024-05-21 16:27:42');
INSERT INTO `wp_wc_order_stats` VALUES (19904,0,'2024-05-21 16:30:35','2024-05-21 22:30:35',1,299,0,0,299,1,'wc-on-hold',500,NULL,NULL);
INSERT INTO `wp_wc_order_stats` VALUES (19905,0,'2024-05-21 16:34:34','2024-05-21 22:34:34',1,99,0,0,99,1,'wc-completed',445,'2024-05-21 16:35:41','2024-05-21 16:35:41');

--
-- Table structure for table `wp_wc_order_tax_lookup`
--

CREATE TABLE `wp_wc_order_tax_lookup` (
  `order_id` bigint(20) unsigned NOT NULL,
  `tax_rate_id` bigint(20) unsigned NOT NULL,
  `date_created` datetime NOT NULL DEFAULT '0000-00-00 00:00:00',
  `shipping_tax` double NOT NULL DEFAULT 0,
  `order_tax` double NOT NULL DEFAULT 0,
  `total_tax` double NOT NULL DEFAULT 0,
  PRIMARY KEY (`order_id`,`tax_rate_id`),
  KEY `tax_rate_id` (`tax_rate_id`),
  KEY `date_created` (`date_created`)
) ENGINE=MyISAM DEFAULT CHARSET=utf8mb4 COLLATE=utf8mb4_unicode_520_ci;

--
-- Dumping data for table `wp_wc_order_tax_lookup`
--


--
-- Table structure for table `wp_wc_orders`
--

CREATE TABLE `wp_wc_orders` (
  `id` bigint(20) unsigned NOT NULL,
  `status` varchar(20) DEFAULT NULL,
  `currency` varchar(10) DEFAULT NULL,
  `type` varchar(20) DEFAULT NULL,
  `tax_amount` decimal(26,8) DEFAULT NULL,
  `total_amount` decimal(26,8) DEFAULT NULL,
  `customer_id` bigint(20) unsigned DEFAULT NULL,
  `billing_email` varchar(320) DEFAULT NULL,
  `date_created_gmt` datetime DEFAULT NULL,
  `date_updated_gmt` datetime DEFAULT NULL,
  `parent_order_id` bigint(20) unsigned DEFAULT NULL,
  `payment_method` varchar(100) DEFAULT NULL,
  `payment_method_title` text DEFAULT NULL,
  `transaction_id` varchar(100) DEFAULT NULL,
  `ip_address` varchar(100) DEFAULT NULL,
  `user_agent` text DEFAULT NULL,
  `customer_note` text DEFAULT NULL,
  PRIMARY KEY (`id`),
  KEY `status` (`status`),
  KEY `date_created` (`date_created_gmt`),
  KEY `customer_id_billing_email` (`customer_id`,`billing_email`(171)),
  KEY `billing_email` (`billing_email`(191)),
  KEY `type_status_date` (`type`,`status`,`date_created_gmt`),
  KEY `parent_order_id` (`parent_order_id`),
  KEY `date_updated` (`date_updated_gmt`)
) ENGINE=MyISAM DEFAULT CHARSET=utf8mb4 COLLATE=utf8mb4_unicode_520_ci;

--
-- Dumping data for table `wp_wc_orders`
--


--
-- Table structure for table `wp_wc_orders_meta`
--

CREATE TABLE `wp_wc_orders_meta` (
  `id` bigint(20) unsigned NOT NULL AUTO_INCREMENT,
  `order_id` bigint(20) unsigned DEFAULT NULL,
  `meta_key` varchar(255) DEFAULT NULL,
  `meta_value` text DEFAULT NULL,
  PRIMARY KEY (`id`),
  KEY `meta_key_value` (`meta_key`(100),`meta_value`(82)),
  KEY `order_id_meta_key_meta_value` (`order_id`,`meta_key`(100),`meta_value`(82))
) ENGINE=MyISAM DEFAULT CHARSET=utf8mb4 COLLATE=utf8mb4_unicode_520_ci;

--
-- Dumping data for table `wp_wc_orders_meta`
--


--
-- Table structure for table `wp_wc_product_attributes_lookup`
--

CREATE TABLE `wp_wc_product_attributes_lookup` (
  `product_id` bigint(20) NOT NULL,
  `product_or_parent_id` bigint(20) NOT NULL,
  `taxonomy` varchar(32) NOT NULL,
  `term_id` bigint(20) NOT NULL,
  `is_variation_attribute` tinyint(1) NOT NULL,
  `in_stock` tinyint(1) NOT NULL,
  PRIMARY KEY (`product_or_parent_id`,`term_id`,`product_id`,`taxonomy`),
  KEY `is_variation_attribute_term_id` (`is_variation_attribute`,`term_id`)
) ENGINE=MyISAM DEFAULT CHARSET=utf8mb4 COLLATE=utf8mb4_unicode_520_ci;

--
-- Dumping data for table `wp_wc_product_attributes_lookup`
--

INSERT INTO `wp_wc_product_attributes_lookup` VALUES (10159,1205,'pa_subscription-term',43,1,1);
INSERT INTO `wp_wc_product_attributes_lookup` VALUES (1209,1205,'pa_subscription-term',44,1,1);
INSERT INTO `wp_wc_product_attributes_lookup` VALUES (1210,1205,'pa_subscription-term',45,1,1);
INSERT INTO `wp_wc_product_attributes_lookup` VALUES (1211,1205,'pa_subscription-term',46,1,1);
INSERT INTO `wp_wc_product_attributes_lookup` VALUES (8070,1205,'pa_subscription-term',96,1,1);
INSERT INTO `wp_wc_product_attributes_lookup` VALUES (8432,8430,'pa_subscription-term',98,1,1);
INSERT INTO `wp_wc_product_attributes_lookup` VALUES (8433,8430,'pa_subscription-term',99,1,1);
INSERT INTO `wp_wc_product_attributes_lookup` VALUES (19595,19588,'pa_subscription-term',43,1,1);
INSERT INTO `wp_wc_product_attributes_lookup` VALUES (19594,19588,'pa_subscription-term',44,1,1);
INSERT INTO `wp_wc_product_attributes_lookup` VALUES (19593,19588,'pa_subscription-term',45,1,1);
INSERT INTO `wp_wc_product_attributes_lookup` VALUES (19592,19588,'pa_subscription-term',46,1,1);
INSERT INTO `wp_wc_product_attributes_lookup` VALUES (18705,1205,'pa_subscription-term',42,1,1);
INSERT INTO `wp_wc_product_attributes_lookup` VALUES (19591,19588,'pa_subscription-term',99,1,1);
INSERT INTO `wp_wc_product_attributes_lookup` VALUES (19590,19588,'pa_subscription-term',98,1,1);
INSERT INTO `wp_wc_product_attributes_lookup` VALUES (19589,19588,'pa_subscription-term',96,1,1);

--
-- Table structure for table `wp_wc_product_download_directories`
--

CREATE TABLE `wp_wc_product_download_directories` (
  `url_id` bigint(20) unsigned NOT NULL AUTO_INCREMENT,
  `url` varchar(256) NOT NULL,
  `enabled` tinyint(1) NOT NULL DEFAULT 0,
  PRIMARY KEY (`url_id`),
  KEY `url` (`url`(191))
) ENGINE=MyISAM AUTO_INCREMENT=3 DEFAULT CHARSET=utf8mb4 COLLATE=utf8mb4_unicode_520_ci;

--
-- Dumping data for table `wp_wc_product_download_directories`
--

INSERT INTO `wp_wc_product_download_directories` VALUES (1,'file:///home/itsfmc5/ns2020-investech.investech.com/wp-content/uploads/woocommerce_uploads/',1);
INSERT INTO `wp_wc_product_download_directories` VALUES (2,'https://ns2020-investech.investech.com/wp-content/uploads/woocommerce_uploads/',1);

--
-- Table structure for table `wp_wc_product_meta_lookup`
--

CREATE TABLE `wp_wc_product_meta_lookup` (
  `product_id` bigint(20) NOT NULL,
  `sku` varchar(100) DEFAULT '',
  `virtual` tinyint(1) DEFAULT 0,
  `downloadable` tinyint(1) DEFAULT 0,
  `min_price` decimal(19,4) DEFAULT NULL,
  `max_price` decimal(19,4) DEFAULT NULL,
  `onsale` tinyint(1) DEFAULT 0,
  `stock_quantity` double DEFAULT NULL,
  `stock_status` varchar(100) DEFAULT 'instock',
  `rating_count` bigint(20) DEFAULT 0,
  `average_rating` decimal(3,2) DEFAULT 0.00,
  `total_sales` bigint(20) DEFAULT 0,
  `tax_status` varchar(100) DEFAULT 'taxable',
  `tax_class` varchar(100) DEFAULT '',
  PRIMARY KEY (`product_id`),
  KEY `virtual` (`virtual`),
  KEY `downloadable` (`downloadable`),
  KEY `stock_status` (`stock_status`),
  KEY `stock_quantity` (`stock_quantity`),
  KEY `onsale` (`onsale`),
  KEY `min_max_price` (`min_price`,`max_price`),
  KEY `sku` (`sku`(50))
) ENGINE=MyISAM DEFAULT CHARSET=utf8mb4 COLLATE=utf8mb4_unicode_520_ci;

--
-- Dumping data for table `wp_wc_product_meta_lookup`
--

INSERT INTO `wp_wc_product_meta_lookup` VALUES (376,'',0,0,0.0000,0.0000,0,NULL,'outofstock',0,0.00,0,'taxable','');
INSERT INTO `wp_wc_product_meta_lookup` VALUES (383,'',0,0,175.0000,175.0000,1,NULL,'instock',0,0.00,0,'taxable','');
INSERT INTO `wp_wc_product_meta_lookup` VALUES (386,'',0,0,0.0000,0.0000,0,NULL,'instock',0,0.00,0,'taxable','');
INSERT INTO `wp_wc_product_meta_lookup` VALUES (388,'',1,0,299.0000,299.0000,1,NULL,'instock',0,0.00,0,'taxable','');
INSERT INTO `wp_wc_product_meta_lookup` VALUES (497,'',1,0,99.0000,99.0000,1,NULL,'instock',0,0.00,0,'taxable','');
INSERT INTO `wp_wc_product_meta_lookup` VALUES (501,'',0,0,39.0000,39.0000,0,NULL,'instock',0,0.00,0,'taxable','');
INSERT INTO `wp_wc_product_meta_lookup` VALUES (526,'',1,0,0.0000,0.0000,0,NULL,'instock',0,0.00,1,'taxable','');
INSERT INTO `wp_wc_product_meta_lookup` VALUES (540,'',0,0,0.0000,0.0000,0,NULL,'instock',0,0.00,0,'taxable','');
INSERT INTO `wp_wc_product_meta_lookup` VALUES (541,'',0,0,0.0000,0.0000,0,NULL,'instock',0,0.00,0,'taxable','parent');
INSERT INTO `wp_wc_product_meta_lookup` VALUES (543,'',0,0,0.0000,0.0000,0,NULL,'instock',0,0.00,0,'taxable','parent');
INSERT INTO `wp_wc_product_meta_lookup` VALUES (544,'',0,0,0.0000,0.0000,0,NULL,'instock',0,0.00,0,'taxable','parent');
INSERT INTO `wp_wc_product_meta_lookup` VALUES (545,'',0,0,0.0000,299.0000,0,NULL,'instock',0,0.00,1,'taxable','');
INSERT INTO `wp_wc_product_meta_lookup` VALUES (546,'',0,0,299.0000,299.0000,1,NULL,'instock',0,0.00,0,'taxable','parent');
INSERT INTO `wp_wc_product_meta_lookup` VALUES (547,'',0,0,175.0000,175.0000,1,NULL,'instock',0,0.00,0,'taxable','parent');
INSERT INTO `wp_wc_product_meta_lookup` VALUES (548,'',0,0,99.0000,99.0000,1,NULL,'instock',0,0.00,0,'taxable','parent');
INSERT INTO `wp_wc_product_meta_lookup` VALUES (549,'',0,0,39.0000,39.0000,0,NULL,'instock',0,0.00,0,'taxable','parent');
INSERT INTO `wp_wc_product_meta_lookup` VALUES (550,'',0,0,0.0000,0.0000,0,NULL,'instock',0,0.00,0,'taxable','parent');
INSERT INTO `wp_wc_product_meta_lookup` VALUES (1024,'',0,0,23.0000,23.0000,0,NULL,'instock',0,0.00,2,'taxable','');
INSERT INTO `wp_wc_product_meta_lookup` VALUES (1057,'',0,0,0.0000,0.0000,0,NULL,'instock',0,0.00,0,'taxable','parent');
INSERT INTO `wp_wc_product_meta_lookup` VALUES (1062,'',0,0,0.0000,0.0000,0,NULL,'instock',0,0.00,0,'taxable','parent');
INSERT INTO `wp_wc_product_meta_lookup` VALUES (1072,'',0,0,0.0000,0.0000,0,NULL,'outofstock',0,0.00,0,'taxable','');
INSERT INTO `wp_wc_product_meta_lookup` VALUES (1205,'',0,0,0.0000,399.0000,0,NULL,'instock',0,0.00,1079,'taxable','');
INSERT INTO `wp_wc_product_meta_lookup` VALUES (1206,'',0,0,99.0000,99.0000,0,NULL,'instock',0,0.00,0,'taxable','parent');
INSERT INTO `wp_wc_product_meta_lookup` VALUES (1207,'',0,0,0.0000,0.0000,0,NULL,'instock',0,0.00,0,'taxable','parent');
INSERT INTO `wp_wc_product_meta_lookup` VALUES (1208,'3MO',0,1,39.0000,39.0000,0,NULL,'instock',0,0.00,0,'taxable','parent');
INSERT INTO `wp_wc_product_meta_lookup` VALUES (1209,'6MO',0,0,99.0000,99.0000,0,NULL,'instock',0,0.00,0,'taxable','parent');
INSERT INTO `wp_wc_product_meta_lookup` VALUES (1210,'1YR',0,0,175.0000,175.0000,0,NULL,'instock',0,0.00,0,'taxable','parent');
INSERT INTO `wp_wc_product_meta_lookup` VALUES (1211,'2YR',0,0,299.0000,299.0000,0,NULL,'instock',0,0.00,0,'taxable','parent');
INSERT INTO `wp_wc_product_meta_lookup` VALUES (3061,'',0,0,69.0000,69.0000,0,NULL,'instock',0,0.00,4,'taxable','');
INSERT INTO `wp_wc_product_meta_lookup` VALUES (3271,'',0,1,39.0000,39.0000,0,NULL,'instock',0,0.00,0,'taxable','');
INSERT INTO `wp_wc_product_meta_lookup` VALUES (4119,'',0,0,99.0000,299.0000,0,NULL,'instock',0,0.00,2,'taxable','');
INSERT INTO `wp_wc_product_meta_lookup` VALUES (4120,'2YR-R',0,0,299.0000,299.0000,1,NULL,'instock',0,0.00,0,'taxable','parent');
INSERT INTO `wp_wc_product_meta_lookup` VALUES (4121,'1YR-R',0,0,175.0000,175.0000,1,NULL,'instock',0,0.00,0,'taxable','parent');
INSERT INTO `wp_wc_product_meta_lookup` VALUES (4122,'6MO-R',0,0,99.0000,99.0000,1,NULL,'instock',0,0.00,0,'taxable','parent');
INSERT INTO `wp_wc_product_meta_lookup` VALUES (4123,'3MO-1',0,0,39.0000,39.0000,0,NULL,'instock',0,0.00,0,'taxable','parent');
INSERT INTO `wp_wc_product_meta_lookup` VALUES (4293,'',1,1,0.0000,0.0000,0,NULL,'instock',0,0.00,3,'taxable','');
INSERT INTO `wp_wc_product_meta_lookup` VALUES (4345,'',0,0,2.0000,2.0000,0,NULL,'instock',0,0.00,10,'taxable','');
INSERT INTO `wp_wc_product_meta_lookup` VALUES (6451,'',0,0,0.0000,0.0000,0,NULL,'instock',0,0.00,0,'taxable','parent');
INSERT INTO `wp_wc_product_meta_lookup` VALUES (6757,'',1,1,0.0000,0.0000,0,NULL,'instock',0,0.00,0,'taxable','');
INSERT INTO `wp_wc_product_meta_lookup` VALUES (7102,'',0,0,5.0000,5.0000,0,NULL,'instock',0,0.00,5,'taxable','');
INSERT INTO `wp_wc_product_meta_lookup` VALUES (7577,'',0,0,5.0000,5.0000,0,NULL,'instock',0,0.00,5,'taxable','');
INSERT INTO `wp_wc_product_meta_lookup` VALUES (7585,'',0,0,1.0000,3.0000,0,NULL,'instock',0,0.00,6,'taxable','');
INSERT INTO `wp_wc_product_meta_lookup` VALUES (7586,'',0,0,1.0000,1.0000,0,NULL,'instock',0,0.00,0,'taxable','parent');
INSERT INTO `wp_wc_product_meta_lookup` VALUES (7587,'',0,0,2.0000,2.0000,0,NULL,'instock',0,0.00,0,'taxable','parent');
INSERT INTO `wp_wc_product_meta_lookup` VALUES (7588,'',0,0,3.0000,3.0000,0,NULL,'instock',0,0.00,0,'taxable','parent');
INSERT INTO `wp_wc_product_meta_lookup` VALUES (8063,'',0,0,39.0000,39.0000,0,NULL,'instock',0,0.00,0,'taxable','');
INSERT INTO `wp_wc_product_meta_lookup` VALUES (8067,'',0,0,0.0000,0.0000,0,NULL,'instock',0,0.00,0,'taxable','parent');
INSERT INTO `wp_wc_product_meta_lookup` VALUES (8068,'',0,0,0.0000,0.0000,0,NULL,'instock',0,0.00,0,'taxable','parent');
INSERT INTO `wp_wc_product_meta_lookup` VALUES (8069,'',0,0,0.0000,0.0000,0,NULL,'instock',0,0.00,0,'taxable','parent');
INSERT INTO `wp_wc_product_meta_lookup` VALUES (8070,'3YR',0,0,399.0000,399.0000,0,NULL,'instock',0,0.00,0,'taxable','parent');
INSERT INTO `wp_wc_product_meta_lookup` VALUES (8429,'',0,0,99.0000,540.0000,0,NULL,'instock',0,0.00,0,'taxable','');
INSERT INTO `wp_wc_product_meta_lookup` VALUES (8430,'',0,0,540.0000,625.0000,0,NULL,'instock',0,0.00,1653,'taxable','');
INSERT INTO `wp_wc_product_meta_lookup` VALUES (8432,'4-YR',0,0,540.0000,540.0000,0,NULL,'instock',0,0.00,0,'taxable','parent');
INSERT INTO `wp_wc_product_meta_lookup` VALUES (8433,'',0,0,625.0000,625.0000,0,NULL,'instock',0,0.00,0,'taxable','parent');
INSERT INTO `wp_wc_product_meta_lookup` VALUES (8457,'',0,0,175.0000,175.0000,1,NULL,'instock',0,0.00,0,'taxable','parent');
INSERT INTO `wp_wc_product_meta_lookup` VALUES (8464,'',1,1,50.0000,50.0000,0,NULL,'instock',0,0.00,2,'taxable','');
INSERT INTO `wp_wc_product_meta_lookup` VALUES (8466,'',1,1,100.0000,100.0000,0,NULL,'instock',0,0.00,0,'taxable','');
INSERT INTO `wp_wc_product_meta_lookup` VALUES (8537,'',0,0,100.0000,200.0000,0,NULL,'instock',0,0.00,3,'taxable','');
INSERT INTO `wp_wc_product_meta_lookup` VALUES (8538,'3YR-1',1,0,425.0000,425.0000,1,NULL,'instock',0,0.00,0,'taxable','parent');
INSERT INTO `wp_wc_product_meta_lookup` VALUES (8539,'2YR-1',1,0,200.0000,200.0000,0,NULL,'instock',0,0.00,0,'taxable','parent');
INSERT INTO `wp_wc_product_meta_lookup` VALUES (8540,'1YR-1',1,0,100.0000,100.0000,0,NULL,'instock',0,0.00,0,'taxable','parent');
INSERT INTO `wp_wc_product_meta_lookup` VALUES (8541,'6MO-1',1,0,99.0000,99.0000,1,NULL,'instock',0,0.00,0,'taxable','parent');
INSERT INTO `wp_wc_product_meta_lookup` VALUES (10159,'3MO',0,0,39.0000,39.0000,0,NULL,'instock',0,0.00,0,'taxable','parent');
INSERT INTO `wp_wc_product_meta_lookup` VALUES (10160,'',0,0,1.0000,1.0000,0,NULL,'instock',0,0.00,4,'taxable','');
INSERT INTO `wp_wc_product_meta_lookup` VALUES (10164,'daily',0,0,1.0000,1.0000,0,NULL,'instock',0,0.00,0,'taxable','parent');
INSERT INTO `wp_wc_product_meta_lookup` VALUES (10169,'',0,0,0.0000,0.0000,0,NULL,'instock',0,0.00,0,'taxable','parent');
INSERT INTO `wp_wc_product_meta_lookup` VALUES (10170,'',0,0,1.0000,1.0000,0,NULL,'instock',0,0.00,0,'taxable','parent');
INSERT INTO `wp_wc_product_meta_lookup` VALUES (10860,'',0,0,175.0000,425.0000,0,NULL,'instock',0,0.00,5,'taxable','');
INSERT INTO `wp_wc_product_meta_lookup` VALUES (10861,'3YR-1',0,0,425.0000,425.0000,0,NULL,'instock',0,0.00,0,'taxable','parent');
INSERT INTO `wp_wc_product_meta_lookup` VALUES (10862,'2YR-1',0,0,299.0000,299.0000,0,NULL,'instock',0,0.00,0,'taxable','parent');
INSERT INTO `wp_wc_product_meta_lookup` VALUES (10863,'1YR-1',0,0,175.0000,175.0000,0,NULL,'instock',0,0.00,0,'taxable','parent');
INSERT INTO `wp_wc_product_meta_lookup` VALUES (10864,'6MO-1',0,0,0.0000,0.0000,0,NULL,'instock',0,0.00,0,'taxable','parent');
INSERT INTO `wp_wc_product_meta_lookup` VALUES (10865,'3MO-1',0,0,0.0000,0.0000,0,NULL,'instock',0,0.00,0,'taxable','parent');
INSERT INTO `wp_wc_product_meta_lookup` VALUES (10867,'',0,0,0.0000,0.0000,0,NULL,'instock',0,0.00,0,'taxable','');
INSERT INTO `wp_wc_product_meta_lookup` VALUES (14243,'',0,0,0.0000,0.0000,0,NULL,'instock',0,0.00,0,'taxable','');
INSERT INTO `wp_wc_product_meta_lookup` VALUES (17873,'',0,0,0.0000,0.0000,0,NULL,'instock',0,0.00,7,'taxable','');
INSERT INTO `wp_wc_product_meta_lookup` VALUES (18703,'',0,0,0.0000,0.0000,0,NULL,'instock',0,0.00,3,'taxable','');
INSERT INTO `wp_wc_product_meta_lookup` VALUES (18705,'1mo',0,0,0.0000,0.0000,0,NULL,'instock',0,0.00,0,'taxable','parent');
INSERT INTO `wp_wc_product_meta_lookup` VALUES (19588,'',0,0,0.0000,0.0000,0,NULL,'instock',0,0.00,0,'taxable','');
INSERT INTO `wp_wc_product_meta_lookup` VALUES (19589,'',0,0,0.0000,0.0000,0,NULL,'instock',0,0.00,0,'taxable','parent');
INSERT INTO `wp_wc_product_meta_lookup` VALUES (19590,'',0,0,0.0000,0.0000,0,NULL,'instock',0,0.00,0,'taxable','parent');
INSERT INTO `wp_wc_product_meta_lookup` VALUES (19591,'',0,0,0.0000,0.0000,0,NULL,'instock',0,0.00,0,'taxable','parent');
INSERT INTO `wp_wc_product_meta_lookup` VALUES (19592,'',0,0,0.0000,0.0000,0,NULL,'instock',0,0.00,0,'taxable','parent');
INSERT INTO `wp_wc_product_meta_lookup` VALUES (19593,'',0,0,0.0000,0.0000,0,NULL,'instock',0,0.00,0,'taxable','parent');
INSERT INTO `wp_wc_product_meta_lookup` VALUES (19594,'',0,0,0.0000,0.0000,0,NULL,'instock',0,0.00,0,'taxable','parent');
INSERT INTO `wp_wc_product_meta_lookup` VALUES (19595,'',0,0,0.0000,0.0000,0,NULL,'instock',0,0.00,0,'taxable','parent');

--
-- Table structure for table `wp_wc_rate_limits`
--

CREATE TABLE `wp_wc_rate_limits` (
  `rate_limit_id` bigint(20) unsigned NOT NULL AUTO_INCREMENT,
  `rate_limit_key` varchar(200) NOT NULL,
  `rate_limit_expiry` bigint(20) unsigned NOT NULL,
  `rate_limit_remaining` smallint(10) NOT NULL DEFAULT 0,
  PRIMARY KEY (`rate_limit_id`),
  UNIQUE KEY `rate_limit_key` (`rate_limit_key`(191))
) ENGINE=MyISAM AUTO_INCREMENT=2 DEFAULT CHARSET=utf8mb4 COLLATE=utf8mb4_unicode_ci;

--
-- Dumping data for table `wp_wc_rate_limits`
--

INSERT INTO `wp_wc_rate_limits` VALUES (1,'add_payment_method_516',1657291684,0);

--
-- Table structure for table `wp_wc_reserved_stock`
--

CREATE TABLE `wp_wc_reserved_stock` (
  `order_id` bigint(20) NOT NULL,
  `product_id` bigint(20) NOT NULL,
  `stock_quantity` double NOT NULL DEFAULT 0,
  `timestamp` datetime NOT NULL DEFAULT '0000-00-00 00:00:00',
  `expires` datetime NOT NULL DEFAULT '0000-00-00 00:00:00',
  PRIMARY KEY (`order_id`,`product_id`)
) ENGINE=MyISAM DEFAULT CHARSET=utf8mb4 COLLATE=utf8mb4_unicode_520_ci;

--
-- Dumping data for table `wp_wc_reserved_stock`
--


--
-- Table structure for table `wp_wc_tax_rate_classes`
--

CREATE TABLE `wp_wc_tax_rate_classes` (
  `tax_rate_class_id` bigint(20) unsigned NOT NULL AUTO_INCREMENT,
  `name` varchar(200) NOT NULL DEFAULT '',
  `slug` varchar(200) NOT NULL DEFAULT '',
  PRIMARY KEY (`tax_rate_class_id`),
  UNIQUE KEY `slug` (`slug`(191))
) ENGINE=MyISAM AUTO_INCREMENT=3 DEFAULT CHARSET=utf8mb4 COLLATE=utf8mb4_unicode_520_ci;

--
-- Dumping data for table `wp_wc_tax_rate_classes`
--

INSERT INTO `wp_wc_tax_rate_classes` VALUES (1,'Reduced rate','reduced-rate');
INSERT INTO `wp_wc_tax_rate_classes` VALUES (2,'Zero rate','zero-rate');

--
-- Table structure for table `wp_wcs_payment_retries`
--

CREATE TABLE `wp_wcs_payment_retries` (
  `retry_id` bigint(20) unsigned NOT NULL AUTO_INCREMENT,
  `order_id` bigint(20) unsigned NOT NULL,
  `status` varchar(255) NOT NULL,
  `date_gmt` datetime NOT NULL DEFAULT '0000-00-00 00:00:00',
  `rule_raw` text DEFAULT NULL,
  PRIMARY KEY (`retry_id`),
  KEY `order_id` (`order_id`)
) ENGINE=MyISAM DEFAULT CHARSET=utf8mb4 COLLATE=utf8mb4_unicode_520_ci;

--
-- Dumping data for table `wp_wcs_payment_retries`
--


--
-- Table structure for table `wp_wfblockediplog`
--

CREATE TABLE `wp_wfblockediplog` (
  `IP` binary(16) NOT NULL DEFAULT '\0\0\0\0\0\0\0\0\0\0\0\0\0\0\0\0',
  `countryCode` varchar(2) NOT NULL,
  `blockCount` int(10) unsigned NOT NULL DEFAULT 0,
  `unixday` int(10) unsigned NOT NULL,
  `blockType` varchar(50) NOT NULL DEFAULT 'generic',
  PRIMARY KEY (`IP`,`unixday`,`blockType`)
) ENGINE=MyISAM DEFAULT CHARSET=utf8mb3 COLLATE=utf8mb3_general_ci;

--
-- Dumping data for table `wp_wfblockediplog`
--


--
-- Table structure for table `wp_wfblocks7`
--

CREATE TABLE `wp_wfblocks7` (
  `id` bigint(20) unsigned NOT NULL AUTO_INCREMENT,
  `type` int(10) unsigned NOT NULL DEFAULT 0,
  `IP` binary(16) NOT NULL DEFAULT '\0\0\0\0\0\0\0\0\0\0\0\0\0\0\0\0',
  `blockedTime` bigint(20) NOT NULL,
  `reason` varchar(255) NOT NULL,
  `lastAttempt` int(10) unsigned DEFAULT 0,
  `blockedHits` int(10) unsigned DEFAULT 0,
  `expiration` bigint(20) unsigned NOT NULL DEFAULT 0,
  `parameters` text DEFAULT NULL,
  PRIMARY KEY (`id`),
  KEY `type` (`type`),
  KEY `IP` (`IP`),
  KEY `expiration` (`expiration`)
) ENGINE=MyISAM DEFAULT CHARSET=utf8mb3 COLLATE=utf8mb3_general_ci;

--
-- Dumping data for table `wp_wfblocks7`
--


--
-- Table structure for table `wp_wfconfig`
--

CREATE TABLE `wp_wfconfig` (
  `name` varchar(100) NOT NULL,
  `val` longblob DEFAULT NULL,
  `autoload` enum('no','yes') NOT NULL DEFAULT 'yes',
  PRIMARY KEY (`name`)
) ENGINE=MyISAM DEFAULT CHARSET=utf8mb3 COLLATE=utf8mb3_general_ci;

--
-- Dumping data for table `wp_wfconfig`
--

INSERT INTO `wp_wfconfig` VALUES ('alertOn_update',0x30,'yes');
INSERT INTO `wp_wfconfig` VALUES ('alertOn_scanIssues',0x31,'yes');
INSERT INTO `wp_wfconfig` VALUES ('alertOn_throttle',0x30,'yes');
INSERT INTO `wp_wfconfig` VALUES ('alertOn_block',0x31,'yes');
INSERT INTO `wp_wfconfig` VALUES ('alertOn_loginLockout',0x31,'yes');
INSERT INTO `wp_wfconfig` VALUES ('alertOn_breachLogin',0x31,'yes');
INSERT INTO `wp_wfconfig` VALUES ('alertOn_lostPasswdForm',0x31,'yes');
INSERT INTO `wp_wfconfig` VALUES ('alertOn_adminLogin',0x31,'yes');
INSERT INTO `wp_wfconfig` VALUES ('alertOn_firstAdminLoginOnly',0x30,'yes');
INSERT INTO `wp_wfconfig` VALUES ('alertOn_nonAdminLogin',0x30,'yes');
INSERT INTO `wp_wfconfig` VALUES ('alertOn_firstNonAdminLoginOnly',0x30,'yes');
INSERT INTO `wp_wfconfig` VALUES ('alertOn_wordfenceDeactivated',0x31,'yes');
INSERT INTO `wp_wfconfig` VALUES ('alertOn_wafDeactivated',0x31,'yes');
INSERT INTO `wp_wfconfig` VALUES ('liveTrafficEnabled',0x30,'yes');
INSERT INTO `wp_wfconfig` VALUES ('advancedCommentScanning',0x31,'yes');
INSERT INTO `wp_wfconfig` VALUES ('checkSpamIP',0x31,'yes');
INSERT INTO `wp_wfconfig` VALUES ('spamvertizeCheck',0x31,'yes');
INSERT INTO `wp_wfconfig` VALUES ('liveTraf_ignorePublishers',0x31,'yes');
INSERT INTO `wp_wfconfig` VALUES ('liveTraf_displayExpandedRecords',0x30,'no');
INSERT INTO `wp_wfconfig` VALUES ('scheduledScansEnabled',0x31,'yes');
INSERT INTO `wp_wfconfig` VALUES ('lowResourceScansEnabled',0x30,'yes');
INSERT INTO `wp_wfconfig` VALUES ('scansEnabled_checkGSB',0x31,'yes');
INSERT INTO `wp_wfconfig` VALUES ('scansEnabled_checkHowGetIPs',0x31,'yes');
INSERT INTO `wp_wfconfig` VALUES ('scansEnabled_core',0x31,'yes');
INSERT INTO `wp_wfconfig` VALUES ('scansEnabled_themes',0x30,'yes');
INSERT INTO `wp_wfconfig` VALUES ('scansEnabled_plugins',0x30,'yes');
INSERT INTO `wp_wfconfig` VALUES ('scansEnabled_coreUnknown',0x31,'yes');
INSERT INTO `wp_wfconfig` VALUES ('scansEnabled_malware',0x31,'yes');
INSERT INTO `wp_wfconfig` VALUES ('scansEnabled_fileContents',0x31,'yes');
INSERT INTO `wp_wfconfig` VALUES ('scansEnabled_fileContentsGSB',0x31,'yes');
INSERT INTO `wp_wfconfig` VALUES ('scansEnabled_checkReadableConfig',0x31,'yes');
INSERT INTO `wp_wfconfig` VALUES ('scansEnabled_suspectedFiles',0x31,'yes');
INSERT INTO `wp_wfconfig` VALUES ('scansEnabled_posts',0x31,'yes');
INSERT INTO `wp_wfconfig` VALUES ('scansEnabled_comments',0x31,'yes');
INSERT INTO `wp_wfconfig` VALUES ('scansEnabled_suspiciousOptions',0x31,'yes');
INSERT INTO `wp_wfconfig` VALUES ('scansEnabled_passwds',0x31,'yes');
INSERT INTO `wp_wfconfig` VALUES ('scansEnabled_diskSpace',0x31,'yes');
INSERT INTO `wp_wfconfig` VALUES ('scansEnabled_wafStatus',0x31,'yes');
INSERT INTO `wp_wfconfig` VALUES ('scansEnabled_options',0x31,'yes');
INSERT INTO `wp_wfconfig` VALUES ('scansEnabled_wpscan_fullPathDisclosure',0x31,'yes');
INSERT INTO `wp_wfconfig` VALUES ('scansEnabled_wpscan_directoryListingEnabled',0x31,'yes');
INSERT INTO `wp_wfconfig` VALUES ('scansEnabled_scanImages',0x30,'yes');
INSERT INTO `wp_wfconfig` VALUES ('scansEnabled_highSense',0x30,'yes');
INSERT INTO `wp_wfconfig` VALUES ('scansEnabled_oldVersions',0x31,'yes');
INSERT INTO `wp_wfconfig` VALUES ('scansEnabled_suspiciousAdminUsers',0x31,'yes');
INSERT INTO `wp_wfconfig` VALUES ('liveActivityPauseEnabled',0x31,'yes');
INSERT INTO `wp_wfconfig` VALUES ('firewallEnabled',0x31,'yes');
INSERT INTO `wp_wfconfig` VALUES ('blockFakeBots',0x30,'yes');
INSERT INTO `wp_wfconfig` VALUES ('autoBlockScanners',0x31,'yes');
INSERT INTO `wp_wfconfig` VALUES ('loginSecurityEnabled',0x31,'yes');
INSERT INTO `wp_wfconfig` VALUES ('loginSec_strongPasswds_enabled',0x31,'yes');
INSERT INTO `wp_wfconfig` VALUES ('loginSec_breachPasswds_enabled',0x31,'yes');
INSERT INTO `wp_wfconfig` VALUES ('loginSec_lockInvalidUsers',0x30,'yes');
INSERT INTO `wp_wfconfig` VALUES ('loginSec_maskLoginErrors',0x31,'yes');
INSERT INTO `wp_wfconfig` VALUES ('loginSec_blockAdminReg',0x31,'yes');
INSERT INTO `wp_wfconfig` VALUES ('loginSec_disableAuthorScan',0x31,'yes');
INSERT INTO `wp_wfconfig` VALUES ('loginSec_disableOEmbedAuthor',0x30,'yes');
INSERT INTO `wp_wfconfig` VALUES ('loginSec_requireAdminTwoFactor',0x30,'yes');
INSERT INTO `wp_wfconfig` VALUES ('notification_updatesNeeded',0x31,'yes');
INSERT INTO `wp_wfconfig` VALUES ('notification_securityAlerts',0x31,'yes');
INSERT INTO `wp_wfconfig` VALUES ('notification_promotions',0x31,'yes');
INSERT INTO `wp_wfconfig` VALUES ('notification_blogHighlights',0x31,'yes');
INSERT INTO `wp_wfconfig` VALUES ('notification_productUpdates',0x31,'yes');
INSERT INTO `wp_wfconfig` VALUES ('notification_scanStatus',0x31,'yes');
INSERT INTO `wp_wfconfig` VALUES ('other_hideWPVersion',0x30,'yes');
INSERT INTO `wp_wfconfig` VALUES ('other_blockBadPOST',0x30,'yes');
INSERT INTO `wp_wfconfig` VALUES ('other_scanComments',0x31,'yes');
INSERT INTO `wp_wfconfig` VALUES ('other_pwStrengthOnUpdate',0x31,'yes');
INSERT INTO `wp_wfconfig` VALUES ('other_WFNet',0x31,'yes');
INSERT INTO `wp_wfconfig` VALUES ('other_scanOutside',0x30,'yes');
INSERT INTO `wp_wfconfig` VALUES ('other_bypassLitespeedNoabort',0x30,'yes');
INSERT INTO `wp_wfconfig` VALUES ('deleteTablesOnDeact',0x30,'yes');
INSERT INTO `wp_wfconfig` VALUES ('autoUpdate',0x31,'yes');
INSERT INTO `wp_wfconfig` VALUES ('startScansRemotely',0x30,'yes');
INSERT INTO `wp_wfconfig` VALUES ('disableConfigCaching',0x30,'yes');
INSERT INTO `wp_wfconfig` VALUES ('addCacheComment',0x30,'yes');
INSERT INTO `wp_wfconfig` VALUES ('disableCodeExecutionUploads',0x30,'yes');
INSERT INTO `wp_wfconfig` VALUES ('allowHTTPSCaching',0x30,'yes');
INSERT INTO `wp_wfconfig` VALUES ('debugOn',0x30,'yes');
INSERT INTO `wp_wfconfig` VALUES ('email_summary_enabled',0x31,'yes');
INSERT INTO `wp_wfconfig` VALUES ('email_summary_dashboard_widget_enabled',0x31,'yes');
INSERT INTO `wp_wfconfig` VALUES ('ssl_verify',0x31,'yes');
INSERT INTO `wp_wfconfig` VALUES ('ajaxWatcherDisabled_front',0x30,'yes');
INSERT INTO `wp_wfconfig` VALUES ('ajaxWatcherDisabled_admin',0x30,'yes');
INSERT INTO `wp_wfconfig` VALUES ('wafAlertOnAttacks',0x31,'yes');
INSERT INTO `wp_wfconfig` VALUES ('disableWAFIPBlocking',0x30,'yes');
INSERT INTO `wp_wfconfig` VALUES ('showAdminBarMenu',0x31,'yes');
INSERT INTO `wp_wfconfig` VALUES ('displayTopLevelOptions',0x31,'yes');
INSERT INTO `wp_wfconfig` VALUES ('displayTopLevelBlocking',0x30,'yes');
INSERT INTO `wp_wfconfig` VALUES ('displayTopLevelLiveTraffic',0x30,'yes');
INSERT INTO `wp_wfconfig` VALUES ('displayAutomaticBlocks',0x31,'yes');
INSERT INTO `wp_wfconfig` VALUES ('allowLegacy2FA',0x30,'yes');
INSERT INTO `wp_wfconfig` VALUES ('scan_include_extra','','yes');
INSERT INTO `wp_wfconfig` VALUES ('alertEmails',0x7365746840756E64657263757272656E7477656273656F2E636F6D2C616E647265777040737461636B66696E616E6369616C6D616E6167656D656E742E636F6D,'yes');
INSERT INTO `wp_wfconfig` VALUES ('liveTraf_ignoreUsers','','yes');
INSERT INTO `wp_wfconfig` VALUES ('liveTraf_ignoreIPs','','yes');
INSERT INTO `wp_wfconfig` VALUES ('liveTraf_ignoreUA','','yes');
INSERT INTO `wp_wfconfig` VALUES ('maxMem',0x323536,'yes');
INSERT INTO `wp_wfconfig` VALUES ('scan_exclude','','yes');
INSERT INTO `wp_wfconfig` VALUES ('scan_maxIssues',0x31303030,'yes');
INSERT INTO `wp_wfconfig` VALUES ('scan_maxDuration','','yes');
INSERT INTO `wp_wfconfig` VALUES ('whitelisted','','yes');
INSERT INTO `wp_wfconfig` VALUES ('whitelistedServices',0x7B7D,'yes');
INSERT INTO `wp_wfconfig` VALUES ('bannedURLs','','yes');
INSERT INTO `wp_wfconfig` VALUES ('maxExecutionTime',0x30,'yes');
INSERT INTO `wp_wfconfig` VALUES ('howGetIPs','','yes');
INSERT INTO `wp_wfconfig` VALUES ('actUpdateInterval',0x32,'yes');
INSERT INTO `wp_wfconfig` VALUES ('alert_maxHourly',0x30,'yes');
INSERT INTO `wp_wfconfig` VALUES ('loginSec_userBlacklist','','yes');
INSERT INTO `wp_wfconfig` VALUES ('liveTraf_maxRows',0x32303030,'yes');
INSERT INTO `wp_wfconfig` VALUES ('liveTraf_maxAge',0x3330,'yes');
INSERT INTO `wp_wfconfig` VALUES ('neverBlockBG',0x6E65766572426C6F636B5665726966696564,'yes');
INSERT INTO `wp_wfconfig` VALUES ('loginSec_countFailMins',0x323430,'yes');
INSERT INTO `wp_wfconfig` VALUES ('loginSec_lockoutMins',0x323430,'yes');
INSERT INTO `wp_wfconfig` VALUES ('loginSec_strongPasswds',0x70756273,'yes');
INSERT INTO `wp_wfconfig` VALUES ('loginSec_breachPasswds',0x61646D696E73,'yes');
INSERT INTO `wp_wfconfig` VALUES ('loginSec_maxFailures',0x3230,'yes');
INSERT INTO `wp_wfconfig` VALUES ('loginSec_maxForgotPasswd',0x3230,'yes');
INSERT INTO `wp_wfconfig` VALUES ('maxGlobalRequests',0x44495341424C4544,'yes');
INSERT INTO `wp_wfconfig` VALUES ('maxGlobalRequests_action',0x7468726F74746C65,'yes');
INSERT INTO `wp_wfconfig` VALUES ('maxRequestsCrawlers',0x44495341424C4544,'yes');
INSERT INTO `wp_wfconfig` VALUES ('maxRequestsCrawlers_action',0x7468726F74746C65,'yes');
INSERT INTO `wp_wfconfig` VALUES ('maxRequestsHumans',0x44495341424C4544,'yes');
INSERT INTO `wp_wfconfig` VALUES ('maxRequestsHumans_action',0x7468726F74746C65,'yes');
INSERT INTO `wp_wfconfig` VALUES ('max404Crawlers',0x44495341424C4544,'yes');
INSERT INTO `wp_wfconfig` VALUES ('max404Crawlers_action',0x7468726F74746C65,'yes');
INSERT INTO `wp_wfconfig` VALUES ('max404Humans',0x44495341424C4544,'yes');
INSERT INTO `wp_wfconfig` VALUES ('max404Humans_action',0x7468726F74746C65,'yes');
INSERT INTO `wp_wfconfig` VALUES ('blockedTime',0x333030,'yes');
INSERT INTO `wp_wfconfig` VALUES ('email_summary_interval',0x7765656B6C79,'yes');
INSERT INTO `wp_wfconfig` VALUES ('email_summary_excluded_directories',0x77702D636F6E74656E742F63616368652C77702D636F6E74656E742F77666C6F6773,'yes');
INSERT INTO `wp_wfconfig` VALUES ('allowed404s',0x2F66617669636F6E2E69636F0A2F6170706C652D746F7563682D69636F6E2A2E706E670A2F2A4032782E706E670A2F62726F77736572636F6E6669672E786D6C,'yes');
INSERT INTO `wp_wfconfig` VALUES ('wafAlertWhitelist','','yes');
INSERT INTO `wp_wfconfig` VALUES ('wafAlertInterval',0x363030,'yes');
INSERT INTO `wp_wfconfig` VALUES ('wafAlertThreshold',0x313030,'yes');
INSERT INTO `wp_wfconfig` VALUES ('howGetIPs_trusted_proxies','','yes');
INSERT INTO `wp_wfconfig` VALUES ('scanType',0x7374616E64617264,'yes');
INSERT INTO `wp_wfconfig` VALUES ('manualScanType',0x6F6E63654461696C79,'yes');
INSERT INTO `wp_wfconfig` VALUES ('schedStartHour',0x35,'yes');
INSERT INTO `wp_wfconfig` VALUES ('schedMode',0x6175746F,'yes');
INSERT INTO `wp_wfconfig` VALUES ('cbl_loggedInBlocked','','yes');
INSERT INTO `wp_wfconfig` VALUES ('cbl_action',0x626C6F636B,'yes');
INSERT INTO `wp_wfconfig` VALUES ('cbl_redirURL','','yes');
INSERT INTO `wp_wfconfig` VALUES ('cbl_bypassRedirURL','','yes');
INSERT INTO `wp_wfconfig` VALUES ('cbl_bypassRedirDest','','yes');
INSERT INTO `wp_wfconfig` VALUES ('cbl_bypassViewURL','','yes');
INSERT INTO `wp_wfconfig` VALUES ('loginSec_enableSeparateTwoFactor','','yes');
INSERT INTO `wp_wfconfig` VALUES ('blockCustomText','','yes');
INSERT INTO `wp_wfconfig` VALUES ('alertOn_severityLevel',0x3235,'yes');
INSERT INTO `wp_wfconfig` VALUES ('apiKey',0x[BLOB],'yes');
INSERT INTO `wp_wfconfig` VALUES ('keyType',0x66726565,'yes');
INSERT INTO `wp_wfconfig` VALUES ('isPaid','','yes');
INSERT INTO `wp_wfconfig` VALUES ('betaThreatDefenseFeed',0x30,'yes');
INSERT INTO `wp_wfconfig` VALUES ('timeoffset_wf_updated',0x31363237343033393334,'yes');
INSERT INTO `wp_wfconfig` VALUES ('cacheType',0x64697361626C6564,'yes');
INSERT INTO `wp_wfconfig` VALUES ('detectProxyRecommendation','','no');
INSERT INTO `wp_wfconfig` VALUES ('dismissAutoPrependNotice',0x30,'yes');
INSERT INTO `wp_wfconfig` VALUES ('onboardingAttempt1',0x6C6963656E7365,'yes');
INSERT INTO `wp_wfconfig` VALUES ('onboardingAttempt2','','no');
INSERT INTO `wp_wfconfig` VALUES ('onboardingAttempt3','','no');
INSERT INTO `wp_wfconfig` VALUES ('onboardingAttempt3Initial',0x30,'yes');
INSERT INTO `wp_wfconfig` VALUES ('needsNewTour_dashboard',0x30,'yes');
INSERT INTO `wp_wfconfig` VALUES ('needsNewTour_firewall',0x30,'yes');
INSERT INTO `wp_wfconfig` VALUES ('needsNewTour_scan',0x30,'yes');
INSERT INTO `wp_wfconfig` VALUES ('needsNewTour_blocking',0x31,'yes');
INSERT INTO `wp_wfconfig` VALUES ('needsNewTour_livetraffic',0x30,'yes');
INSERT INTO `wp_wfconfig` VALUES ('needsNewTour_loginsecurity',0x30,'yes');
INSERT INTO `wp_wfconfig` VALUES ('needsUpgradeTour_dashboard',0x30,'yes');
INSERT INTO `wp_wfconfig` VALUES ('needsUpgradeTour_firewall',0x30,'yes');
INSERT INTO `wp_wfconfig` VALUES ('needsUpgradeTour_scan',0x30,'yes');
INSERT INTO `wp_wfconfig` VALUES ('needsUpgradeTour_blocking',0x30,'yes');
INSERT INTO `wp_wfconfig` VALUES ('needsUpgradeTour_livetraffic',0x30,'yes');
INSERT INTO `wp_wfconfig` VALUES ('needsUpgradeTour_loginsecurity',0x30,'yes');
INSERT INTO `wp_wfconfig` VALUES ('supportContent',0x[BLOB],'yes');
INSERT INTO `wp_wfconfig` VALUES ('supportHash',0x38363166613335656539326561373932626565333865663733653064373332366663353964333965613266306163666533613062393938383131646662663363,'yes');
INSERT INTO `wp_wfconfig` VALUES ('whitelistPresets',0x[BLOB],'yes');
INSERT INTO `wp_wfconfig` VALUES ('whitelistHash',0x62663364373664633035636166383632336362336665303163316663396533303865326632656133376238323639333764383530666465333631636465666434,'yes');
INSERT INTO `wp_wfconfig` VALUES ('touppPromptNeeded','','yes');
INSERT INTO `wp_wfconfig` VALUES ('touppBypassNextCheck',0x30,'yes');
INSERT INTO `wp_wfconfig` VALUES ('autoUpdateAttempts',0x30,'yes');
INSERT INTO `wp_wfconfig` VALUES ('wfScanStartVersion',0x352E372E32,'yes');
INSERT INTO `wp_wfconfig` VALUES ('previousWflogsFileList',0x[BLOB],'yes');
INSERT INTO `wp_wfconfig` VALUES ('diagnosticsWflogsRemovalHistory',0x5B5D,'no');
INSERT INTO `wp_wfconfig` VALUES ('encKey',0x38376533623164316664303732316231,'yes');
INSERT INTO `wp_wfconfig` VALUES ('longEncKey',0x63643134333762353830643261333230346532633164353261613734643662663433373162376430626365653636636535326430656335646439613065373964,'yes');
INSERT INTO `wp_wfconfig` VALUES ('cbl_restOfSiteBlocked',0x31,'yes');
INSERT INTO `wp_wfconfig` VALUES ('timeoffset_wf',0x30,'yes');
INSERT INTO `wp_wfconfig` VALUES ('lastBlockAggregation',0x31363237323338353134,'yes');
INSERT INTO `wp_wfconfig` VALUES ('allowed404s6116Migration',0x31,'yes');
INSERT INTO `wp_wfconfig` VALUES ('migration636_email_summary_excluded_directories',0x31,'no');
INSERT INTO `wp_wfconfig` VALUES ('fileContentsGSB6315Migration',0x31,'yes');
INSERT INTO `wp_wfconfig` VALUES ('config701Migration',0x31,'yes');
INSERT INTO `wp_wfconfig` VALUES ('blocks702Migration',0x31,'yes');
INSERT INTO `wp_wfconfig` VALUES ('geoIPVersionHash',0x65356565363961346462316533313863326131363638383733613866353037343031326162623938353266353539366665336665616138633037646163333334,'yes');
INSERT INTO `wp_wfconfig` VALUES ('scansEnabled_geoipSupport',0x31,'yes');
INSERT INTO `wp_wfconfig` VALUES ('config720Migration',0x31,'yes');
INSERT INTO `wp_wfconfig` VALUES ('waf_status',0x656E61626C6564,'yes');
INSERT INTO `wp_wfconfig` VALUES ('detectProxyNextCheck',0x31363237393130303631,'no');
INSERT INTO `wp_wfconfig` VALUES ('detectProxyNonce',0x36366138646130626630616365636639353431323961303930383261656339306530616330626438633763326632376665346636383132346334666362613338,'no');
INSERT INTO `wp_wfconfig` VALUES ('serverIP',0x313632373330353236323B37342E3132342E3231342E313539,'yes');
INSERT INTO `wp_wfconfig` VALUES ('allScansScheduled',0x613A303A7B7D,'yes');
INSERT INTO `wp_wfconfig` VALUES ('activatingIP',0x39362E33392E3137302E313335,'yes');
INSERT INTO `wp_wfconfig` VALUES ('cbl_cookieVal',0x35653566643430316263306163,'yes');
INSERT INTO `wp_wfconfig` VALUES ('wfPeakMemory',0x3734323839313532,'no');
INSERT INTO `wp_wfconfig` VALUES ('serverDNS',0x313632373332343931343B31323039333B37342E3132342E3231352E313238,'yes');
INSERT INTO `wp_wfconfig` VALUES ('adminNoticeQueue',0x613A303A7B7D,'yes');
INSERT INTO `wp_wfconfig` VALUES ('wp_home_url',0x68747470733A2F2F6E73323032302D696E766573746563682E696E766573746563682E636F6D,'yes');
INSERT INTO `wp_wfconfig` VALUES ('wp_site_url',0x68747470733A2F2F6E73323032302D696E766573746563682E696E766573746563682E636F6D,'yes');
INSERT INTO `wp_wfconfig` VALUES ('vulnerabilities_plugin',0x[BLOB],'yes');
INSERT INTO `wp_wfconfig` VALUES ('lastNotificationID',0x353638,'no');
INSERT INTO `wp_wfconfig` VALUES ('autoUpdateChoice',0x31,'yes');
INSERT INTO `wp_wfconfig` VALUES ('lastDashboardCheck',0x31363237333939333730,'yes');
INSERT INTO `wp_wfconfig` VALUES ('dashboardData',0x[BLOB],'yes');
INSERT INTO `wp_wfconfig` VALUES ('wafStatusCallbackNonce',0x61306632313335666564616132356339626336636665376631353337313938323930343331393861303432343638336130373532396536366233356630356135,'yes');
INSERT INTO `wp_wfconfig` VALUES ('disclosureStates',0x[BLOB],'yes');
INSERT INTO `wp_wfconfig` VALUES ('adminUserList',0x623A303B,'yes');
INSERT INTO `wp_wfconfig` VALUES ('totalLoginHits',0x31313430,'yes');
INSERT INTO `wp_wfconfig` VALUES ('totalLogins',0x353833,'yes');
INSERT INTO `wp_wfconfig` VALUES ('lastAdminLogin',0x[BLOB],'yes');
INSERT INTO `wp_wfconfig` VALUES ('totalAlertsSent',0x343839,'yes');
INSERT INTO `wp_wfconfig` VALUES ('lastEmailHash',0x313632373430333935343A3839396462306663616433663962383633346531333833353866386538373938,'yes');
INSERT INTO `wp_wfconfig` VALUES ('loginSec_disableApplicationPasswords',0x31,'yes');
INSERT INTO `wp_wfconfig` VALUES ('currentCronKey','','yes');
INSERT INTO `wp_wfconfig` VALUES ('wf_scanLastStatusTime',0x30,'yes');
INSERT INTO `wp_wfconfig` VALUES ('totalScansRun',0x313535,'yes');
INSERT INTO `wp_wfconfig` VALUES ('wfKillRequested',0x30,'no');
INSERT INTO `wp_wfconfig` VALUES ('dbVersion',0x352E362E3531,'yes');
INSERT INTO `wp_wfconfig` VALUES ('vulnerabilities_theme',0x[BLOB],'yes');
INSERT INTO `wp_wfconfig` VALUES ('tldlist',0x[BLOB],'yes');
INSERT INTO `wp_wfconfig` VALUES ('tldlistHash',0x33363934616134386563313861373232343335613831376432383462353265323832643033326431316361343363333665393464396530336235636139323261,'yes');
INSERT INTO `wp_wfconfig` VALUES ('noc1ScanSchedule',0x613A323A7B693A303B693A313632373534313430303B693A313B693A313632373830303630303B7D,'yes');
INSERT INTO `wp_wfconfig` VALUES ('wordfenceI18n',0x31,'yes');
INSERT INTO `wp_wfconfig` VALUES ('showWfCentralUI',0x31,'yes');
INSERT INTO `wp_wfconfig` VALUES ('allowMySQLi',0x31,'yes');
INSERT INTO `wp_wfconfig` VALUES ('dbTest',0x613A313A7B733A353A226E6F6E6365223B733A36343A2235653432373030373537633234663738666232643839636565663061396664633666663932366232353466306461663337336366336566626666336436303639223B7D,'no');
INSERT INTO `wp_wfconfig` VALUES ('wf_scanRunning','','yes');
INSERT INTO `wp_wfconfig` VALUES ('lowResourceScanWaitStep','','yes');
INSERT INTO `wp_wfconfig` VALUES ('wfStatusStartMsgs',0x[BLOB],'yes');
INSERT INTO `wp_wfconfig` VALUES ('wf_summaryItems',0x[BLOB],'yes');
INSERT INTO `wp_wfconfig` VALUES ('scanStageStatuses',0x[BLOB],'no');
INSERT INTO `wp_wfconfig` VALUES ('lastScanCompleted',0x6F6B,'yes');
INSERT INTO `wp_wfconfig` VALUES ('lastScanFailureType','','yes');
INSERT INTO `wp_wfconfig` VALUES ('scanTime',0x313632373330353434382E34323534,'yes');
INSERT INTO `wp_wfconfig` VALUES ('emailedIssuesList',0x[BLOB],'yes');
INSERT INTO `wp_wfconfig` VALUES ('wordpressPluginVersions',0x[BLOB],'yes');
INSERT INTO `wp_wfconfig` VALUES ('wordpressVersion',0x352E372E32,'yes');
INSERT INTO `wp_wfconfig` VALUES ('lastPermissionsTemplateCheck',0x31363237333932353133,'yes');
INSERT INTO `wp_wfconfig` VALUES ('wordpressThemeVersions',0x[BLOB],'yes');
INSERT INTO `wp_wfconfig` VALUES ('malwarePrefixes',0x[BLOB]